{"id":2179,"date":"2022-07-07T09:39:19","date_gmt":"2022-07-07T08:39:19","guid":{"rendered":"http:\/\/espaciolaplaza.es\/?post_type=mec-events&#038;p=2179"},"modified":"2022-07-07T09:39:19","modified_gmt":"2022-07-07T08:39:19","slug":"concierto-ensemble-uc","status":"publish","type":"mec-events","link":"http:\/\/espaciolaplaza.es\/index.php\/events\/concierto-ensemble-uc\/","title":{"rendered":"Concierto Ensemble UC"},"content":{"rendered":"<p>Teatro Municipal de Los Corrales de Buelna<\/p>\n<p>\u00abUn heterog\u00e9neo viaje recorriendo tiempos y lugares diversos, desde Ucrania hasta Irlanda; desde el Renacimiento, hasta el siglo XXI\u00bb<\/p>\n<p>Ensemble UC es una agrupaci\u00f3n vinculada al Aula de M\u00fasica de la Universidad de Cantabria. Director: V\u00edctor Manuel Aja.<\/p>\n<p>Entrada libre hasta completar aforo.<img decoding=\"async\" loading=\"lazy\" class=\"alignnone size-medium wp-image-2180\" src=\"http:\/\/espaciolaplaza.es\/wp-content\/uploads\/2022\/07\/Corrales-8-julio-ensemble_page-0001-2-214x300.jpg\" alt=\"\" width=\"214\" height=\"300\" srcset=\"http:\/\/espaciolaplaza.es\/wp-content\/uploads\/2022\/07\/Corrales-8-julio-ensemble_page-0001-2-214x300.jpg 214w, http:\/\/espaciolaplaza.es\/wp-content\/uploads\/2022\/07\/Corrales-8-julio-ensemble_page-0001-2-731x1024.jpg 731w, http:\/\/espaciolaplaza.es\/wp-content\/uploads\/2022\/07\/Corrales-8-julio-ensemble_page-0001-2-768x1076.jpg 768w, http:\/\/espaciolaplaza.es\/wp-content\/uploads\/2022\/07\/Corrales-8-julio-ensemble_page-0001-2-1096x1536.jpg 1096w, http:\/\/espaciolaplaza.es\/wp-content\/uploads\/2022\/07\/Corrales-8-julio-ensemble_page-0001-2-1462x2048.jpg 1462w, http:\/\/espaciolaplaza.es\/wp-content\/uploads\/2022\/07\/Corrales-8-julio-ensemble_page-0001-2.jpg 1813w\" sizes=\"(max-width: 214px) 100vw, 214px\" \/><\/p>\n","protected":false},"excerpt":{"rendered":"<p>Teatro Municipal de Los Corrales de Buelna \u00abUn heterog\u00e9neo viaje recorriendo tiempos y lugares diversos, desde Ucrania hasta Irlanda; desde el Renacimiento, hasta el siglo XXI\u00bb Ensemble UC es una agrupaci\u00f3n vinculada al Aula de M\u00fasica de la Universidad de Cantabria. Director: V\u00edctor Manuel Aja. Entrada libre hasta completar aforo.<\/p>\n","protected":false},"author":2,"featured_media":0,"template":"","tags":[],"mec_category":[],"_links":{"self":[{"href":"http:\/\/espaciolaplaza.es\/index.php\/wp-json\/wp\/v2\/mec-events\/2179"}],"collection":[{"href":"http:\/\/espaciolaplaza.es\/index.php\/wp-json\/wp\/v2\/mec-events"}],"about":[{"href":"http:\/\/espaciolaplaza.es\/index.php\/wp-json\/wp\/v2\/types\/mec-events"}],"author":[{"embeddable":true,"href":"http:\/\/espaciolaplaza.es\/index.php\/wp-json\/wp\/v2\/users\/2"}],"wp:attachment":[{"href":"http:\/\/espaciolaplaza.es\/index.php\/wp-json\/wp\/v2\/media?parent=2179"}],"wp:term":[{"taxonomy":"post_tag","embeddable":true,"href":"http:\/\/espaciolaplaza.es\/index.php\/wp-json\/wp\/v2\/tags?post=2179"},{"taxonomy":"mec_category","embeddable":true,"href":"http:\/\/espaciolaplaza.es\/index.php\/wp-json\/wp\/v2\/mec_category?post=2179"}],"curies":[{"name":"wp","href":"https:\/\/api.w.org\/{rel}","templated":true}]}}

<p>Teatro Municipal de Los Corrales de Buelna</p>
<p>«Un heterogéneo viaje recorriendo tiempos y lugares diversos, desde Ucrania hasta Irlanda; desde el Renacimiento, hasta el siglo XXI»</p>
<p>Ensemble UC es una agrupación vinculada al Aula de Música de la Universidad de Cantabria. Director: Víctor Manuel Aja.</p>
<p>Entrada libre hasta completar aforo.<img decoding="async" loading="lazy" class="alignnone size-medium wp-image-2180" src="http://espaciolaplaza.es/wp-content/uploads/2022/07/Corrales-8-julio-ensemble_page-0001-2-214x300.jpg" alt="" width="214" height="300" srcset="http://espaciolaplaza.es/wp-content/uploads/2022/07/Corrales-8-julio-ensemble_page-0001-2-214x300.jpg 214w, http://espaciolaplaza.es/wp-content/uploads/2022/07/Corrales-8-julio-ensemble_page-0001-2-731x1024.jpg 731w, http://espaciolaplaza.es/wp-content/uploads/2022/07/Corrales-8-julio-ensemble_page-0001-2-768x1076.jpg 768w, http://espaciolaplaza.es/wp-content/uploads/2022/07/Corrales-8-julio-ensemble_page-0001-2-1096x1536.jpg 1096w, http://espaciolaplaza.es/wp-content/uploads/2022/07/Corrales-8-julio-ensemble_page-0001-2-1462x2048.jpg 1462w, http://espaciolaplaza.es/wp-content/uploads/2022/07/Corrales-8-julio-ensemble_page-0001-2.jpg 1813w" sizes="(max-width: 214px) 100vw, 214px" /></p>

<p>Teatro Municipal de Los Corrales de Buelna «Un heterogéneo viaje recorriendo tiempos y lugares diversos, desde Ucrania hasta Irlanda; desde el Renacimiento, hasta el siglo XXI» Ensemble UC es una agrupación vinculada al Aula de Música de la Universidad de Cantabria. Director: Víctor Manuel Aja. Entrada libre hasta completar aforo.</p>
