{"id":2814,"date":"2023-09-12T10:33:33","date_gmt":"2023-09-12T09:33:33","guid":{"rendered":"https:\/\/espaciolaplaza.es\/?post_type=mec-events&#038;p=2814"},"modified":"2023-09-18T09:03:47","modified_gmt":"2023-09-18T08:03:47","slug":"representacion-la-bestia-negra","status":"publish","type":"mec-events","link":"http:\/\/espaciolaplaza.es\/index.php\/events\/representacion-la-bestia-negra\/","title":{"rendered":"Representaci\u00f3n \u00abLa Bestia Negra\u00bb"},"content":{"rendered":"<p>Te invitamos el pr\u00f3ximo <strong>20 de septiembre<\/strong> a asistir al espect\u00e1culo de danza de <strong>\u00abLa Bestia Negra\u00bb<\/strong> en el <strong>Teatro Municipal de Los Corrales de Buelna<\/strong>.<\/p>\n<p>El evento comenzar\u00e1 a las <strong>20:00 h<\/strong> y la <strong>entrada ser\u00e1 libre hasta completar el aforo<\/strong>.<\/p>\n<p>Recomendado principalmente para el p\u00fablico adulto.<\/p>\n<p>&nbsp;<\/p>\n<p>\u00a1Te esperamos!<\/p>\n","protected":false},"excerpt":{"rendered":"<p>Te invitamos el pr\u00f3ximo 20 de septiembre a asistir al espect\u00e1culo de danza de \u00abLa Bestia Negra\u00bb en el Teatro Municipal de Los Corrales de Buelna. El evento comenzar\u00e1 a las 20:00 h y la entrada ser\u00e1 libre hasta completar el aforo. Recomendado principalmente para el p\u00fablico adulto. &nbsp; \u00a1Te esperamos!<\/p>\n","protected":false},"author":2,"featured_media":2835,"template":"","tags":[128,102,133,17,134],"mec_category":[334],"_links":{"self":[{"href":"http:\/\/espaciolaplaza.es\/index.php\/wp-json\/wp\/v2\/mec-events\/2814"}],"collection":[{"href":"http:\/\/espaciolaplaza.es\/index.php\/wp-json\/wp\/v2\/mec-events"}],"about":[{"href":"http:\/\/espaciolaplaza.es\/index.php\/wp-json\/wp\/v2\/types\/mec-events"}],"author":[{"embeddable":true,"href":"http:\/\/espaciolaplaza.es\/index.php\/wp-json\/wp\/v2\/users\/2"}],"wp:featuredmedia":[{"embeddable":true,"href":"http:\/\/espaciolaplaza.es\/index.php\/wp-json\/wp\/v2\/media\/2835"}],"wp:attachment":[{"href":"http:\/\/espaciolaplaza.es\/index.php\/wp-json\/wp\/v2\/media?parent=2814"}],"wp:term":[{"taxonomy":"post_tag","embeddable":true,"href":"http:\/\/espaciolaplaza.es\/index.php\/wp-json\/wp\/v2\/tags?post=2814"},{"taxonomy":"mec_category","embeddable":true,"href":"http:\/\/espaciolaplaza.es\/index.php\/wp-json\/wp\/v2\/mec_category?post=2814"}],"curies":[{"name":"wp","href":"https:\/\/api.w.org\/{rel}","templated":true}]}}

Representación «La Bestia Negra»

<p>Te invitamos el próximo <strong>20 de septiembre</strong> a asistir al espectáculo de danza de <strong>«La Bestia Negra»</strong> en el <strong>Teatro Municipal de Los Corrales de Buelna</strong>.</p>
<p>El evento comenzará a las <strong>20:00 h</strong> y la <strong>entrada será libre hasta completar el aforo</strong>.</p>
<p>Recomendado principalmente para el público adulto.</p>
<p>&nbsp;</p>
<p>¡Te esperamos!</p>

<p>Te invitamos el próximo 20 de septiembre a asistir al espectáculo de danza de «La Bestia Negra» en el Teatro Municipal de Los Corrales de Buelna. El evento comenzará a las 20:00 h y la entrada será libre hasta completar el aforo. Recomendado principalmente para el público adulto. &nbsp; ¡Te esperamos!</p>
