{"id":3363,"date":"2024-03-27T10:08:48","date_gmt":"2024-03-27T09:08:48","guid":{"rendered":"https:\/\/espaciolaplaza.es\/?post_type=mec-events&#038;p=3363"},"modified":"2024-03-27T10:08:48","modified_gmt":"2024-03-27T09:08:48","slug":"desfile-solidario-contra-el-cancer","status":"publish","type":"mec-events","link":"http:\/\/espaciolaplaza.es\/index.php\/events\/desfile-solidario-contra-el-cancer\/","title":{"rendered":"Desfile solidario contra el c\u00e1ncer"},"content":{"rendered":"<p>La <strong>Junta Local de la Asociaci\u00f3n Espa\u00f1ola Contra el C\u00e1ncer (AECC)<\/strong> en <strong>Los Corrales de Buelna<\/strong> anuncia la celebraci\u00f3n de un desfile de moda a beneficio de la investigaci\u00f3n contra el c\u00e1ncer. Cuenta con el patrocinio del Ayuntamiento y participar\u00e1n establecimientos textiles de la localidad y sector de la hosteler\u00eda.<\/p>\n<p>El desfile se celebrar\u00e1 el <strong>s\u00e1bado 13 de abril<\/strong> en la <strong>Bolera Municipal Facundo Ceballos<\/strong> a las <strong>18:30 h<\/strong>. Podr\u00e1n comprarse las entradas en la sede de la AECC, en los comercios colaboradores y en la bolera antes del evento al precio de 8,00 \u20ac.<\/p>\n<p>\u00a1Os esperamos!<\/p>\n<p>#TodosContraElC\u00e1ncer #SienteLasHuellas<\/p>\n","protected":false},"excerpt":{"rendered":"<p>La Junta Local de la Asociaci\u00f3n Espa\u00f1ola Contra el C\u00e1ncer (AECC) en Los Corrales de Buelna anuncia la celebraci\u00f3n de un desfile de moda a beneficio de la investigaci\u00f3n contra el c\u00e1ncer. Cuenta con el patrocinio del Ayuntamiento y participar\u00e1n establecimientos textiles de la localidad y sector de la hosteler\u00eda. El desfile se celebrar\u00e1 el [&hellip;]<\/p>\n","protected":false},"author":2,"featured_media":3360,"template":"","tags":[572,574,164,577,573,576,83,579,17,578,575],"mec_category":[377],"_links":{"self":[{"href":"http:\/\/espaciolaplaza.es\/index.php\/wp-json\/wp\/v2\/mec-events\/3363"}],"collection":[{"href":"http:\/\/espaciolaplaza.es\/index.php\/wp-json\/wp\/v2\/mec-events"}],"about":[{"href":"http:\/\/espaciolaplaza.es\/index.php\/wp-json\/wp\/v2\/types\/mec-events"}],"author":[{"embeddable":true,"href":"http:\/\/espaciolaplaza.es\/index.php\/wp-json\/wp\/v2\/users\/2"}],"wp:featuredmedia":[{"embeddable":true,"href":"http:\/\/espaciolaplaza.es\/index.php\/wp-json\/wp\/v2\/media\/3360"}],"wp:attachment":[{"href":"http:\/\/espaciolaplaza.es\/index.php\/wp-json\/wp\/v2\/media?parent=3363"}],"wp:term":[{"taxonomy":"post_tag","embeddable":true,"href":"http:\/\/espaciolaplaza.es\/index.php\/wp-json\/wp\/v2\/tags?post=3363"},{"taxonomy":"mec_category","embeddable":true,"href":"http:\/\/espaciolaplaza.es\/index.php\/wp-json\/wp\/v2\/mec_category?post=3363"}],"curies":[{"name":"wp","href":"https:\/\/api.w.org\/{rel}","templated":true}]}}

Desfile solidario contra el cáncer

<p>La <strong>Junta Local de la Asociación Española Contra el Cáncer (AECC)</strong> en <strong>Los Corrales de Buelna</strong> anuncia la celebración de un desfile de moda a beneficio de la investigación contra el cáncer. Cuenta con el patrocinio del Ayuntamiento y participarán establecimientos textiles de la localidad y sector de la hostelería.</p>
<p>El desfile se celebrará el <strong>sábado 13 de abril</strong> en la <strong>Bolera Municipal Facundo Ceballos</strong> a las <strong>18:30 h</strong>. Podrán comprarse las entradas en la sede de la AECC, en los comercios colaboradores y en la bolera antes del evento al precio de 8,00 €.</p>
<p>¡Os esperamos!</p>
<p>#TodosContraElCáncer #SienteLasHuellas</p>

<p>La Junta Local de la Asociación Española Contra el Cáncer (AECC) en Los Corrales de Buelna anuncia la celebración de un desfile de moda a beneficio de la investigación contra el cáncer. Cuenta con el patrocinio del Ayuntamiento y participarán establecimientos textiles de la localidad y sector de la hostelería. El desfile se celebrará el [&hellip;]</p>
