{"id":3723,"date":"2024-10-11T11:54:25","date_gmt":"2024-10-11T10:54:25","guid":{"rendered":"https:\/\/espaciolaplaza.es\/?post_type=mec-events&#038;p=3723"},"modified":"2024-10-11T11:54:25","modified_gmt":"2024-10-11T10:54:25","slug":"prohibido-echarle-cacahuetes-al-mono-con-salva-reina","status":"publish","type":"mec-events","link":"http:\/\/espaciolaplaza.es\/index.php\/events\/prohibido-echarle-cacahuetes-al-mono-con-salva-reina\/","title":{"rendered":"&#8216;Prohibido echarle cacahuetes al mono&#8217; con Salva Reina"},"content":{"rendered":"<div class=\"xdj266r x11i5rnm xat24cr x1mh8g0r x1vvkbs x126k92a\">\n<div dir=\"auto\">\n<div class=\"xdj266r x11i5rnm xat24cr x1mh8g0r x1vvkbs x126k92a\">\n<div dir=\"auto\">Comedia al puro estilo stand up comedy. Conocido por su carisma y habilidad para conectar con el p\u00fablico, trae su estilo \u00fanico de comedia basado en las experiencias cotidianas y las situaciones absurdas de la vida. Su humor cercano y genuino conquista al p\u00fablico, mientras comparte historias hilarantes.<\/div>\n<div dir=\"auto\"><\/div>\n<div dir=\"auto\">Salva Reina debuta en el cine de la mano del director Enrique Garc\u00eda en \u201c321 d\u00edas en Michigan\u201d. Con este primer trabajo en el cine gana en 2014 la Biznaga de Plata como mejor actor de reparto ex aequo en el Festival de Cine de M\u00e1laga y es nominado por los premios ASECAN como mejor interpretaci\u00f3n masculina. Al a\u00f1o siguiente en 2015 el Festival de M\u00e1laga tambi\u00e9n le otorga el premio M\u00e1laga Cinema como Mejor actor malague\u00f1o por sus trabajos en \u201c321 d\u00edas en Michigan\u201d y por\u201d La Isla m\u00ednima\u201d (ganadora de 10 Premios Goya en 2015) de Alberto Rodr\u00edguez. Ha participado en varios t\u00edtulos como \u201cVillaviciosa de al lado\u201d, \u201cSe\u00f1or dame Paciencia\u201d, \u201cEl intercambio\u201d, \u201cEl mejor verano de mi vida\u201d, \u201cAntes de la quema\u201d, \u201cLas pesadillas de Alberto Soto\u201d, \u201cAdi\u00f3s\u201d, \u201cHasta que la boda nos separe\u201d,\u201d La lista de los deseos\u201d, \u201cCon qui\u00e9n viajas\u201d, \u201cCahita: la esclavitud borrada\u201d, \u201cTodos lo hacen\u201d, \u201cPolar\u201d o \u201cEl Universo de Oliver\u201d. En 2019 estuvo nominado a Mejor Interpretaci\u00f3n Masculina Protagonista por \u201cAntes de la Quema\u201d de Fernando Colomo en los premios ASECAN y tambi\u00e9n como Mejor Actor de reparto por \u201cAdi\u00f3s\u201d de Paco Cabezas. Tambi\u00e9n ha participado en series como \u201cAll\u00ed\u0301 abajo\u201d (Premio MIM mejor actor de comedia 2017), \u201cLa zona\u201d, \u201cSabuesos\u201d, \u201cDeudas\u201d o \u201cMalaka\u201d. Por este \u00faltimo trabajo en televisi\u00f3n ha recibido los premios FIBABC y MIM Series como mejor actor de drama en 2019 y es nominado como como mejor actor 2020 en los Premios Iris por la Academia de Televisi\u00f3n y de las Ciencias y las Artes del Audiovisual.<\/div>\n<div dir=\"auto\">Acaba adem\u00e1s de estrenar en Netflix , \u201c Mano de Hierro\u201d y en Movistar + , la nueva serie de los hermanos Caballero : \u201cMuertos S.L.\u201d<\/div>\n<\/div>\n<div class=\"x11i5rnm xat24cr x1mh8g0r x1vvkbs xtlvy1s x126k92a\">\n<div dir=\"auto\"><\/div>\n<ul>\n<li dir=\"auto\">S\u00e1bado, 9 de noviembre<\/li>\n<li dir=\"auto\">A las 19,30h<\/li>\n<li dir=\"auto\">En el Teatro Municipal de Los Corrales de Buelna<\/li>\n<li dir=\"auto\">Entradas ya a la venta en taquilla y online en <a class=\"x1i10hfl xjbqb8w x1ejq31n xd10rxx x1sy0etr x17r0tee x972fbf xcfux6l x1qhh985 xm0m39n x9f619 x1ypdohk xt0psk2 xe8uvvx xdj266r x11i5rnm xat24cr x1mh8g0r xexx8yu x4uap5 x18d9i69 xkhd6sd x16tdsg8 x1hl2dhg xggy1nq x1a2a7pz x1sur9pj xkrqix3 x1fey0fg x1s688f\" tabindex=\"0\" role=\"link\" href=\"https:\/\/l.facebook.com\/l.php?u=http%3A%2F%2Fentradas.vitaminproducciones.com%2F%3Ffbclid%3DIwZXh0bgNhZW0CMTAAAR2BMdxbD3zVpd6OI--3Qxuoy7sxnvIL6QgoHiMcAHxpblZMR8EigX0xfRg_aem_IU-0FyVpZEPousXFt3PiNQ&amp;h=AT3rCuNY2qJMv2pUAInSjfd3MAnhU5pWe0XJYzK8hNAqhEcZ1X6A2tdQSz6p4cZ5NxrfAfb2xPHweePsw5xeq4N_L6EKzVLgYntcZ5bMtqEzwEHycFa22vZBYviPRyQ8-Q&amp;__tn__=-UK-R&amp;c[0]=AT2Y-2Y7rHu7EI7FsvgbRayXoDZVWLYXK6BpstZJA9ypGFmqL3DvCQ7we4jWzT9tiCs7xLFG8nY7SjNerRtEmEa9a4_N5m7Jnu7CGLmDd6YZxnWIhPb55_saCB79mHukzgRbiIA2SjQHn2wcZGcD1zTWTY0SSKsbxlwVF8a1ko-9EYTViBzAQ_zTp_eO1GLw44oRCz8M58cbLDmIZ4iXoD9Qmyc\" target=\"_blank\" rel=\"nofollow noopener noreferrer\">entradas.vitaminproducciones.com<\/a> y <span class=\"html-span xdj266r x11i5rnm xat24cr x1mh8g0r xexx8yu x4uap5 x18d9i69 xkhd6sd x1hl2dhg x16tdsg8 x1vvkbs\"><a class=\"x1i10hfl xjbqb8w x1ejq31n xd10rxx x1sy0etr x17r0tee x972fbf xcfux6l x1qhh985 xm0m39n x9f619 x1ypdohk xt0psk2 xe8uvvx xdj266r x11i5rnm xat24cr x1mh8g0r xexx8yu x4uap5 x18d9i69 xkhd6sd x16tdsg8 x1hl2dhg xggy1nq x1a2a7pz x1sur9pj xkrqix3 x1fey0fg x1s688f\" tabindex=\"0\" role=\"link\" href=\"http:\/\/www.reservaentradas.com\/?fbclid=IwZXh0bgNhZW0CMTAAAR1jT-5xe_NMtLePXbxbWuzIEcpgx-zwEWrQ3p31bGTiCfU3dIAkroL4Euk_aem_Yzzpcmtcds0ezdVoEGEfeA\" target=\"_blank\" rel=\"nofollow noopener noreferrer\">www.reservaentradas.com<\/a><\/span><\/li>\n<\/ul>\n<\/div>\n<\/div>\n<\/div>\n","protected":false},"excerpt":{"rendered":"<p>Comedia al puro estilo stand up comedy. Conocido por su carisma y habilidad para conectar con el p\u00fablico, trae su estilo \u00fanico de comedia basado en las experiencias cotidianas y las situaciones absurdas de la vida. Su humor cercano y genuino conquista al p\u00fablico, mientras comparte historias hilarantes. Salva Reina debuta en el cine de [&hellip;]<\/p>\n","protected":false},"author":2,"featured_media":3721,"template":"","tags":[164,210,58,362,83,454,17,703,134,40],"mec_category":[364],"_links":{"self":[{"href":"http:\/\/espaciolaplaza.es\/index.php\/wp-json\/wp\/v2\/mec-events\/3723"}],"collection":[{"href":"http:\/\/espaciolaplaza.es\/index.php\/wp-json\/wp\/v2\/mec-events"}],"about":[{"href":"http:\/\/espaciolaplaza.es\/index.php\/wp-json\/wp\/v2\/types\/mec-events"}],"author":[{"embeddable":true,"href":"http:\/\/espaciolaplaza.es\/index.php\/wp-json\/wp\/v2\/users\/2"}],"wp:featuredmedia":[{"embeddable":true,"href":"http:\/\/espaciolaplaza.es\/index.php\/wp-json\/wp\/v2\/media\/3721"}],"wp:attachment":[{"href":"http:\/\/espaciolaplaza.es\/index.php\/wp-json\/wp\/v2\/media?parent=3723"}],"wp:term":[{"taxonomy":"post_tag","embeddable":true,"href":"http:\/\/espaciolaplaza.es\/index.php\/wp-json\/wp\/v2\/tags?post=3723"},{"taxonomy":"mec_category","embeddable":true,"href":"http:\/\/espaciolaplaza.es\/index.php\/wp-json\/wp\/v2\/mec_category?post=3723"}],"curies":[{"name":"wp","href":"https:\/\/api.w.org\/{rel}","templated":true}]}}

<div class="xdj266r x11i5rnm xat24cr x1mh8g0r x1vvkbs x126k92a">
<div dir="auto">
<div class="xdj266r x11i5rnm xat24cr x1mh8g0r x1vvkbs x126k92a">
<div dir="auto">Comedia al puro estilo stand up comedy. Conocido por su carisma y habilidad para conectar con el público, trae su estilo único de comedia basado en las experiencias cotidianas y las situaciones absurdas de la vida. Su humor cercano y genuino conquista al público, mientras comparte historias hilarantes.</div>
<div dir="auto"></div>
<div dir="auto">Salva Reina debuta en el cine de la mano del director Enrique García en “321 días en Michigan”. Con este primer trabajo en el cine gana en 2014 la Biznaga de Plata como mejor actor de reparto ex aequo en el Festival de Cine de Málaga y es nominado por los premios ASECAN como mejor interpretación masculina. Al año siguiente en 2015 el Festival de Málaga también le otorga el premio Málaga Cinema como Mejor actor malagueño por sus trabajos en “321 días en Michigan” y por” La Isla mínima” (ganadora de 10 Premios Goya en 2015) de Alberto Rodríguez. Ha participado en varios títulos como “Villaviciosa de al lado”, “Señor dame Paciencia”, “El intercambio”, “El mejor verano de mi vida”, “Antes de la quema”, “Las pesadillas de Alberto Soto”, “Adiós”, “Hasta que la boda nos separe”,” La lista de los deseos”, “Con quién viajas”, “Cahita: la esclavitud borrada”, “Todos lo hacen”, “Polar” o “El Universo de Oliver”. En 2019 estuvo nominado a Mejor Interpretación Masculina Protagonista por “Antes de la Quema” de Fernando Colomo en los premios ASECAN y también como Mejor Actor de reparto por “Adiós” de Paco Cabezas. También ha participado en series como “Allí́ abajo” (Premio MIM mejor actor de comedia 2017), “La zona”, “Sabuesos”, “Deudas” o “Malaka”. Por este último trabajo en televisión ha recibido los premios FIBABC y MIM Series como mejor actor de drama en 2019 y es nominado como como mejor actor 2020 en los Premios Iris por la Academia de Televisión y de las Ciencias y las Artes del Audiovisual.</div>
<div dir="auto">Acaba además de estrenar en Netflix , “ Mano de Hierro” y en Movistar + , la nueva serie de los hermanos Caballero : “Muertos S.L.”</div>
</div>
<div class="x11i5rnm xat24cr x1mh8g0r x1vvkbs xtlvy1s x126k92a">
<div dir="auto"></div>
<ul>
<li dir="auto">Sábado, 9 de noviembre</li>
<li dir="auto">A las 19,30h</li>
<li dir="auto">En el Teatro Municipal de Los Corrales de Buelna</li>
<li dir="auto">Entradas ya a la venta en taquilla y online en <a class="x1i10hfl xjbqb8w x1ejq31n xd10rxx x1sy0etr x17r0tee x972fbf xcfux6l x1qhh985 xm0m39n x9f619 x1ypdohk xt0psk2 xe8uvvx xdj266r x11i5rnm xat24cr x1mh8g0r xexx8yu x4uap5 x18d9i69 xkhd6sd x16tdsg8 x1hl2dhg xggy1nq x1a2a7pz x1sur9pj xkrqix3 x1fey0fg x1s688f" tabindex="0" role="link" href="https://l.facebook.com/l.php?u=http%3A%2F%2Fentradas.vitaminproducciones.com%2F%3Ffbclid%3DIwZXh0bgNhZW0CMTAAAR2BMdxbD3zVpd6OI--3Qxuoy7sxnvIL6QgoHiMcAHxpblZMR8EigX0xfRg_aem_IU-0FyVpZEPousXFt3PiNQ&amp;h=AT3rCuNY2qJMv2pUAInSjfd3MAnhU5pWe0XJYzK8hNAqhEcZ1X6A2tdQSz6p4cZ5NxrfAfb2xPHweePsw5xeq4N_L6EKzVLgYntcZ5bMtqEzwEHycFa22vZBYviPRyQ8-Q&amp;__tn__=-UK-R&amp;c[0]=AT2Y-2Y7rHu7EI7FsvgbRayXoDZVWLYXK6BpstZJA9ypGFmqL3DvCQ7we4jWzT9tiCs7xLFG8nY7SjNerRtEmEa9a4_N5m7Jnu7CGLmDd6YZxnWIhPb55_saCB79mHukzgRbiIA2SjQHn2wcZGcD1zTWTY0SSKsbxlwVF8a1ko-9EYTViBzAQ_zTp_eO1GLw44oRCz8M58cbLDmIZ4iXoD9Qmyc" target="_blank" rel="nofollow noopener noreferrer">entradas.vitaminproducciones.com</a> y <span class="html-span xdj266r x11i5rnm xat24cr x1mh8g0r xexx8yu x4uap5 x18d9i69 xkhd6sd x1hl2dhg x16tdsg8 x1vvkbs"><a class="x1i10hfl xjbqb8w x1ejq31n xd10rxx x1sy0etr x17r0tee x972fbf xcfux6l x1qhh985 xm0m39n x9f619 x1ypdohk xt0psk2 xe8uvvx xdj266r x11i5rnm xat24cr x1mh8g0r xexx8yu x4uap5 x18d9i69 xkhd6sd x16tdsg8 x1hl2dhg xggy1nq x1a2a7pz x1sur9pj xkrqix3 x1fey0fg x1s688f" tabindex="0" role="link" href="http://www.reservaentradas.com/?fbclid=IwZXh0bgNhZW0CMTAAAR1jT-5xe_NMtLePXbxbWuzIEcpgx-zwEWrQ3p31bGTiCfU3dIAkroL4Euk_aem_Yzzpcmtcds0ezdVoEGEfeA" target="_blank" rel="nofollow noopener noreferrer">www.reservaentradas.com</a></span></li>
</ul>
</div>
</div>
</div>

<p>Comedia al puro estilo stand up comedy. Conocido por su carisma y habilidad para conectar con el público, trae su estilo único de comedia basado en las experiencias cotidianas y las situaciones absurdas de la vida. Su humor cercano y genuino conquista al público, mientras comparte historias hilarantes. Salva Reina debuta en el cine de [&hellip;]</p>
