{"id":3734,"date":"2024-10-14T11:51:53","date_gmt":"2024-10-14T10:51:53","guid":{"rendered":"https:\/\/espaciolaplaza.es\/?post_type=mec-events&#038;p=3734"},"modified":"2024-10-14T11:51:53","modified_gmt":"2024-10-14T10:51:53","slug":"dia-internacional-de-las-mujeres-rurales","status":"publish","type":"mec-events","link":"http:\/\/espaciolaplaza.es\/index.php\/events\/dia-internacional-de-las-mujeres-rurales\/","title":{"rendered":"D\u00eda Internacional de las Mujeres Rurales"},"content":{"rendered":"<div class=\"xdj266r x11i5rnm xat24cr x1mh8g0r x1vvkbs x126k92a\">\n<div dir=\"auto\">El D\u00eda Internacional de las Mujeres Rurales se celebra todos los a\u00f1os el 15 de octubre, esta proclamaci\u00f3n tiene como objetivo reconocer la funci\u00f3n y contribuci\u00f3n decisivas de la mujer rural, incluidas las mujeres ind\u00edgenas, en la promoci\u00f3n del desarrollo agr\u00edcola y rural, la mejora de la seguridad alimentaria y la erradicaci\u00f3n de la pobreza rural.<\/div>\n<div dir=\"auto\">Adem\u00e1s, busca sensibilizar sobre las desigualdades que enfrentan las mujeres rurales y promover medidas para mejorar su calidad de vida y empoderamiento socioecon\u00f3mico y pol\u00edtico.<\/div>\n<div dir=\"auto\">La Concejal\u00eda de Educaci\u00f3n, Cultura, Turismo y Ciudadan\u00eda, junto al \u00c1rea de Medioambiente y con motivo de la conmemoraci\u00f3n del D\u00eda Internacional de las Mujeres Rurales, organizan esta charla-coloquio:<\/div>\n<div dir=\"auto\"><\/div>\n<div dir=\"auto\"><strong>\u201cMujeres mayores rurales: resistencia, protagonismo y participaci\u00f3n social\u201d<\/strong><\/div>\n<div dir=\"auto\"><\/div>\n<div dir=\"auto\">Con M\u00f3nica Ramos Toro, Coordinadora T\u00e9cnica del Grupo Social UNATE y Mar\u00eda Montesino, Soci\u00f3loga y Productora Agr\u00edcola.<\/div>\n<\/div>\n<div class=\"x11i5rnm xat24cr x1mh8g0r x1vvkbs xtlvy1s x126k92a\">\n<ul>\n<li dir=\"auto\">D\u00eda: martes, 15 de octubre.<\/li>\n<li dir=\"auto\">Hora: 18:00h.<\/li>\n<li dir=\"auto\">Lugar: Sala multiusos, Espacio Cultural La Plaza.<\/li>\n<li dir=\"auto\">Entrada libre hasta completar aforo.<\/li>\n<\/ul>\n<p>\u00a1Te esperamos!<\/p>\n<\/div>\n","protected":false},"excerpt":{"rendered":"<p>El D\u00eda Internacional de las Mujeres Rurales se celebra todos los a\u00f1os el 15 de octubre, esta proclamaci\u00f3n tiene como objetivo reconocer la funci\u00f3n y contribuci\u00f3n decisivas de la mujer rural, incluidas las mujeres ind\u00edgenas, en la promoci\u00f3n del desarrollo agr\u00edcola y rural, la mejora de la seguridad alimentaria y la erradicaci\u00f3n de la pobreza [&hellip;]<\/p>\n","protected":false},"author":2,"featured_media":3731,"template":"","tags":[164,210,711,83,17,709,710,708,84,40],"mec_category":[320],"_links":{"self":[{"href":"http:\/\/espaciolaplaza.es\/index.php\/wp-json\/wp\/v2\/mec-events\/3734"}],"collection":[{"href":"http:\/\/espaciolaplaza.es\/index.php\/wp-json\/wp\/v2\/mec-events"}],"about":[{"href":"http:\/\/espaciolaplaza.es\/index.php\/wp-json\/wp\/v2\/types\/mec-events"}],"author":[{"embeddable":true,"href":"http:\/\/espaciolaplaza.es\/index.php\/wp-json\/wp\/v2\/users\/2"}],"wp:featuredmedia":[{"embeddable":true,"href":"http:\/\/espaciolaplaza.es\/index.php\/wp-json\/wp\/v2\/media\/3731"}],"wp:attachment":[{"href":"http:\/\/espaciolaplaza.es\/index.php\/wp-json\/wp\/v2\/media?parent=3734"}],"wp:term":[{"taxonomy":"post_tag","embeddable":true,"href":"http:\/\/espaciolaplaza.es\/index.php\/wp-json\/wp\/v2\/tags?post=3734"},{"taxonomy":"mec_category","embeddable":true,"href":"http:\/\/espaciolaplaza.es\/index.php\/wp-json\/wp\/v2\/mec_category?post=3734"}],"curies":[{"name":"wp","href":"https:\/\/api.w.org\/{rel}","templated":true}]}}

Día Internacional de las Mujeres Rurales

<div class="xdj266r x11i5rnm xat24cr x1mh8g0r x1vvkbs x126k92a">
<div dir="auto">El Día Internacional de las Mujeres Rurales se celebra todos los años el 15 de octubre, esta proclamación tiene como objetivo reconocer la función y contribución decisivas de la mujer rural, incluidas las mujeres indígenas, en la promoción del desarrollo agrícola y rural, la mejora de la seguridad alimentaria y la erradicación de la pobreza rural.</div>
<div dir="auto">Además, busca sensibilizar sobre las desigualdades que enfrentan las mujeres rurales y promover medidas para mejorar su calidad de vida y empoderamiento socioeconómico y político.</div>
<div dir="auto">La Concejalía de Educación, Cultura, Turismo y Ciudadanía, junto al Área de Medioambiente y con motivo de la conmemoración del Día Internacional de las Mujeres Rurales, organizan esta charla-coloquio:</div>
<div dir="auto"></div>
<div dir="auto"><strong>“Mujeres mayores rurales: resistencia, protagonismo y participación social”</strong></div>
<div dir="auto"></div>
<div dir="auto">Con Mónica Ramos Toro, Coordinadora Técnica del Grupo Social UNATE y María Montesino, Socióloga y Productora Agrícola.</div>
</div>
<div class="x11i5rnm xat24cr x1mh8g0r x1vvkbs xtlvy1s x126k92a">
<ul>
<li dir="auto">Día: martes, 15 de octubre.</li>
<li dir="auto">Hora: 18:00h.</li>
<li dir="auto">Lugar: Sala multiusos, Espacio Cultural La Plaza.</li>
<li dir="auto">Entrada libre hasta completar aforo.</li>
</ul>
<p>¡Te esperamos!</p>
</div>

<p>El Día Internacional de las Mujeres Rurales se celebra todos los años el 15 de octubre, esta proclamación tiene como objetivo reconocer la función y contribución decisivas de la mujer rural, incluidas las mujeres indígenas, en la promoción del desarrollo agrícola y rural, la mejora de la seguridad alimentaria y la erradicación de la pobreza [&hellip;]</p>
