{"id":4061,"date":"2024-12-10T10:38:27","date_gmt":"2024-12-10T09:38:27","guid":{"rendered":"https:\/\/espaciolaplaza.es\/?post_type=mec-events&#038;p=4061"},"modified":"2024-12-10T10:38:27","modified_gmt":"2024-12-10T09:38:27","slug":"diciembre-en-la-biblioteca-municipal-concierto-de-villancicos","status":"publish","type":"mec-events","link":"http:\/\/espaciolaplaza.es\/index.php\/events\/diciembre-en-la-biblioteca-municipal-concierto-de-villancicos\/","title":{"rendered":"Diciembre en la Biblioteca Municipal: Concierto de villancicos"},"content":{"rendered":"<p>La concejal\u00eda de Educaci\u00f3n, Cultura, Ciudadan\u00eda y Turismo del Ayuntamiento, junto a la Biblioteca Municipal de Los Corrales de Buelna, organizan una serie de actividades en diciembre.<\/p>\n<p><strong>Concierto de villancicos<\/strong><\/p>\n<p>A cargo de la Agrupaci\u00f3n Pulso y P\u00faa Fresneda y el Coro del colegio Jard\u00edn de \u00c1frica.<\/p>\n<ul>\n<li>Fecha: lunes 23 de diciembre<\/li>\n<li>Hora: 19:00 h<\/li>\n<\/ul>\n<p>&nbsp;<\/p>\n<p>\u00a1Te esperamos!<\/p>\n","protected":false},"excerpt":{"rendered":"<p>La concejal\u00eda de Educaci\u00f3n, Cultura, Ciudadan\u00eda y Turismo del Ayuntamiento, junto a la Biblioteca Municipal de Los Corrales de Buelna, organizan una serie de actividades en diciembre. Concierto de villancicos A cargo de la Agrupaci\u00f3n Pulso y P\u00faa Fresneda y el Coro del colegio Jard\u00edn de \u00c1frica. Fecha: lunes 23 de diciembre Hora: 19:00 h [&hellip;]<\/p>\n","protected":false},"author":2,"featured_media":0,"template":"","tags":[826,825,839,164,30,210,837,469,838,828,793,83,17,194,40,459],"mec_category":[377],"_links":{"self":[{"href":"http:\/\/espaciolaplaza.es\/index.php\/wp-json\/wp\/v2\/mec-events\/4061"}],"collection":[{"href":"http:\/\/espaciolaplaza.es\/index.php\/wp-json\/wp\/v2\/mec-events"}],"about":[{"href":"http:\/\/espaciolaplaza.es\/index.php\/wp-json\/wp\/v2\/types\/mec-events"}],"author":[{"embeddable":true,"href":"http:\/\/espaciolaplaza.es\/index.php\/wp-json\/wp\/v2\/users\/2"}],"wp:attachment":[{"href":"http:\/\/espaciolaplaza.es\/index.php\/wp-json\/wp\/v2\/media?parent=4061"}],"wp:term":[{"taxonomy":"post_tag","embeddable":true,"href":"http:\/\/espaciolaplaza.es\/index.php\/wp-json\/wp\/v2\/tags?post=4061"},{"taxonomy":"mec_category","embeddable":true,"href":"http:\/\/espaciolaplaza.es\/index.php\/wp-json\/wp\/v2\/mec_category?post=4061"}],"curies":[{"name":"wp","href":"https:\/\/api.w.org\/{rel}","templated":true}]}}

<p>La concejalía de Educación, Cultura, Ciudadanía y Turismo del Ayuntamiento, junto a la Biblioteca Municipal de Los Corrales de Buelna, organizan una serie de actividades en diciembre.</p>
<p><strong>Concierto de villancicos</strong></p>
<p>A cargo de la Agrupación Pulso y Púa Fresneda y el Coro del colegio Jardín de África.</p>
<ul>
<li>Fecha: lunes 23 de diciembre</li>
<li>Hora: 19:00 h</li>
</ul>
<p>&nbsp;</p>
<p>¡Te esperamos!</p>

<p>La concejalía de Educación, Cultura, Ciudadanía y Turismo del Ayuntamiento, junto a la Biblioteca Municipal de Los Corrales de Buelna, organizan una serie de actividades en diciembre. Concierto de villancicos A cargo de la Agrupación Pulso y Púa Fresneda y el Coro del colegio Jardín de África. Fecha: lunes 23 de diciembre Hora: 19:00 h [&hellip;]</p>
