{"id":4457,"date":"2026-03-03T09:32:39","date_gmt":"2026-03-03T08:32:39","guid":{"rendered":"https:\/\/espaciolaplaza.es\/?post_type=mec-events&#038;p=4457"},"modified":"2026-03-03T09:32:39","modified_gmt":"2026-03-03T08:32:39","slug":"el-teatro-municipal-de-los-corrales-de-buelna-acoge-la-comedia-el-rescate","status":"publish","type":"mec-events","link":"http:\/\/espaciolaplaza.es\/index.php\/events\/el-teatro-municipal-de-los-corrales-de-buelna-acoge-la-comedia-el-rescate\/","title":{"rendered":"El Teatro Municipal de Los Corrales de Buelna acoge la comedia \u201cEl Rescate\u201d"},"content":{"rendered":"<p data-start=\"81\" data-end=\"302\">El <strong data-start=\"84\" data-end=\"125\"><span class=\"hover:entity-accent entity-underline inline cursor-pointer align-baseline\"><span class=\"whitespace-normal\">Teatro Municipal de Los Corrales de Buelna<\/span><\/span><\/strong> acoger\u00e1 este <strong data-start=\"145\" data-end=\"186\">viernes 6 de marzo, a las 19.30 horas<\/strong>, la representaci\u00f3n de la obra <strong data-start=\"217\" data-end=\"233\">\u201cEl Rescate\u201d<\/strong>, una comedia que combina poes\u00eda e iron\u00eda \u201cbailando entre emociones\u201d.<\/p>\n<p data-start=\"304\" data-end=\"612\">La funci\u00f3n est\u00e1 escrita e interpretada por <strong data-start=\"347\" data-end=\"373\">Ram\u00f3n Garc\u00eda del Pomar<\/strong> y <strong data-start=\"376\" data-end=\"393\">Sonia Est\u00e9vez<\/strong>, bajo la direcci\u00f3n de <strong data-start=\"416\" data-end=\"432\">Macu Lorenzo<\/strong>. La obra nos invita a mirarnos de frente: a esos clich\u00e9s y tab\u00faes que atraviesan nuestra conducta, a la falta de empat\u00eda, a la espontaneidad mal entendida y a las conclusiones torpes que, a veces, desembocan en una violencia tan cruel como evitable. Con humor, lucidez y emoci\u00f3n, El Rescate avanza hacia un final inesperado que deja al descubierto la complejidad psicol\u00f3gica de sus personajes\u2026 y la nuestra.<\/p>\n<p data-start=\"614\" data-end=\"881\">La representaci\u00f3n se enmarca dentro de la programaci\u00f3n cultural del Ayuntamiento de <strong data-start=\"698\" data-end=\"739\"><span class=\"hover:entity-accent entity-underline inline cursor-pointer align-baseline\"><span class=\"whitespace-normal\">Los Corrales de Buelna<\/span><\/span><\/strong>. Las <strong data-start=\"745\" data-end=\"771\">entradas son gratuitas<\/strong> y pueden obtenerse a trav\u00e9s de la plataforma <a href=\"https:\/\/www.reservaentradas.com\/sesiones\/cantabria\/teatroloscorralesdebuelna\/el-rescate\/754?proximamente=true&amp;\">reserventradas.com<\/a> y tambi\u00e9n en taquilla, hasta completar aforo.<\/p>\n<p data-start=\"883\" data-end=\"1030\" data-is-last-node=\"\" data-is-only-node=\"\">Con esta cita, el teatro municipal contin\u00faa apostando por el teatro de autor y por propuestas que unen calidad art\u00edstica y cercan\u00eda con el p\u00fablico.<\/p>\n<p data-start=\"883\" data-end=\"1030\" data-is-last-node=\"\" data-is-only-node=\"\">\u00a1No te lo pierdas!<\/p>\n","protected":false},"excerpt":{"rendered":"<p>El Teatro Municipal de Los Corrales de Buelna acoger\u00e1 este viernes 6 de marzo, a las 19.30 horas, la representaci\u00f3n de la obra \u201cEl Rescate\u201d, una comedia que combina poes\u00eda e iron\u00eda \u201cbailando entre emociones\u201d. La funci\u00f3n est\u00e1 escrita e interpretada por Ram\u00f3n Garc\u00eda del Pomar y Sonia Est\u00e9vez, bajo la direcci\u00f3n de Macu Lorenzo. [&hellip;]<\/p>\n","protected":false},"author":2,"featured_media":4455,"template":"","tags":[1133,362,102,1134,141,1132,793,83,17,1130,981,1131,39,134,40],"mec_category":[364],"_links":{"self":[{"href":"http:\/\/espaciolaplaza.es\/index.php\/wp-json\/wp\/v2\/mec-events\/4457"}],"collection":[{"href":"http:\/\/espaciolaplaza.es\/index.php\/wp-json\/wp\/v2\/mec-events"}],"about":[{"href":"http:\/\/espaciolaplaza.es\/index.php\/wp-json\/wp\/v2\/types\/mec-events"}],"author":[{"embeddable":true,"href":"http:\/\/espaciolaplaza.es\/index.php\/wp-json\/wp\/v2\/users\/2"}],"wp:featuredmedia":[{"embeddable":true,"href":"http:\/\/espaciolaplaza.es\/index.php\/wp-json\/wp\/v2\/media\/4455"}],"wp:attachment":[{"href":"http:\/\/espaciolaplaza.es\/index.php\/wp-json\/wp\/v2\/media?parent=4457"}],"wp:term":[{"taxonomy":"post_tag","embeddable":true,"href":"http:\/\/espaciolaplaza.es\/index.php\/wp-json\/wp\/v2\/tags?post=4457"},{"taxonomy":"mec_category","embeddable":true,"href":"http:\/\/espaciolaplaza.es\/index.php\/wp-json\/wp\/v2\/mec_category?post=4457"}],"curies":[{"name":"wp","href":"https:\/\/api.w.org\/{rel}","templated":true}]}}

<p data-start="81" data-end="302">El <strong data-start="84" data-end="125"><span class="hover:entity-accent entity-underline inline cursor-pointer align-baseline"><span class="whitespace-normal">Teatro Municipal de Los Corrales de Buelna</span></span></strong> acogerá este <strong data-start="145" data-end="186">viernes 6 de marzo, a las 19.30 horas</strong>, la representación de la obra <strong data-start="217" data-end="233">“El Rescate”</strong>, una comedia que combina poesía e ironía “bailando entre emociones”.</p>
<p data-start="304" data-end="612">La función está escrita e interpretada por <strong data-start="347" data-end="373">Ramón García del Pomar</strong> y <strong data-start="376" data-end="393">Sonia Estévez</strong>, bajo la dirección de <strong data-start="416" data-end="432">Macu Lorenzo</strong>. La obra nos invita a mirarnos de frente: a esos clichés y tabúes que atraviesan nuestra conducta, a la falta de empatía, a la espontaneidad mal entendida y a las conclusiones torpes que, a veces, desembocan en una violencia tan cruel como evitable. Con humor, lucidez y emoción, El Rescate avanza hacia un final inesperado que deja al descubierto la complejidad psicológica de sus personajes… y la nuestra.</p>
<p data-start="614" data-end="881">La representación se enmarca dentro de la programación cultural del Ayuntamiento de <strong data-start="698" data-end="739"><span class="hover:entity-accent entity-underline inline cursor-pointer align-baseline"><span class="whitespace-normal">Los Corrales de Buelna</span></span></strong>. Las <strong data-start="745" data-end="771">entradas son gratuitas</strong> y pueden obtenerse a través de la plataforma <a href="https://www.reservaentradas.com/sesiones/cantabria/teatroloscorralesdebuelna/el-rescate/754?proximamente=true&amp;">reserventradas.com</a> y también en taquilla, hasta completar aforo.</p>
<p data-start="883" data-end="1030" data-is-last-node="" data-is-only-node="">Con esta cita, el teatro municipal continúa apostando por el teatro de autor y por propuestas que unen calidad artística y cercanía con el público.</p>
<p data-start="883" data-end="1030" data-is-last-node="" data-is-only-node="">¡No te lo pierdas!</p>

<p>El Teatro Municipal de Los Corrales de Buelna acogerá este viernes 6 de marzo, a las 19.30 horas, la representación de la obra “El Rescate”, una comedia que combina poesía e ironía “bailando entre emociones”. La función está escrita e interpretada por Ramón García del Pomar y Sonia Estévez, bajo la dirección de Macu Lorenzo. [&hellip;]</p>
