{"id":2187,"date":"2022-07-25T12:07:11","date_gmt":"2022-07-25T11:07:11","guid":{"rendered":"http:\/\/espaciolaplaza.es\/?post_type=mec-events&#038;p=2187"},"modified":"2022-07-25T12:11:14","modified_gmt":"2022-07-25T11:11:14","slug":"exposicion-generacion-del-27","status":"publish","type":"mec-events","link":"https:\/\/espaciolaplaza.es\/index.php\/events\/exposicion-generacion-del-27\/","title":{"rendered":"Exposici\u00f3n \u00abGeneraci\u00f3n del 27\u00bb"},"content":{"rendered":"<p><strong>EXPOSICI\u00d3N GENERAL DEL 27. MEMORIA Y POES\u00cdA\u00a0 Gobierno de Cantabria)<\/strong><\/p>\n<p>Sala de Exposiciones del Teatro Municipal de Los Corrales de Buelna<\/p>\n<p>Del 3 de agosto al 4 de septiembre<\/p>\n<p>Muestra colectiva de fot\u00f3grafos de la regi\u00f3n que recrean la huella dejada por el paso de los componentes de la generaci\u00f3n del 27 por Santander y Cantabria.<\/p>\n","protected":false},"excerpt":{"rendered":"<p>EXPOSICI\u00d3N GENERAL DEL 27. MEMORIA Y POES\u00cdA\u00a0 Gobierno de Cantabria) Sala de Exposiciones del Teatro Municipal de Los Corrales de Buelna Del 3 de agosto al 4 de septiembre Muestra colectiva de fot\u00f3grafos de la regi\u00f3n que recrean la huella dejada por el paso de los componentes de la generaci\u00f3n del 27 por Santander y [&hellip;]<\/p>\n","protected":false},"author":2,"featured_media":0,"template":"","tags":[],"mec_category":[],"_links":{"self":[{"href":"https:\/\/espaciolaplaza.es\/index.php\/wp-json\/wp\/v2\/mec-events\/2187"}],"collection":[{"href":"https:\/\/espaciolaplaza.es\/index.php\/wp-json\/wp\/v2\/mec-events"}],"about":[{"href":"https:\/\/espaciolaplaza.es\/index.php\/wp-json\/wp\/v2\/types\/mec-events"}],"author":[{"embeddable":true,"href":"https:\/\/espaciolaplaza.es\/index.php\/wp-json\/wp\/v2\/users\/2"}],"wp:attachment":[{"href":"https:\/\/espaciolaplaza.es\/index.php\/wp-json\/wp\/v2\/media?parent=2187"}],"wp:term":[{"taxonomy":"post_tag","embeddable":true,"href":"https:\/\/espaciolaplaza.es\/index.php\/wp-json\/wp\/v2\/tags?post=2187"},{"taxonomy":"mec_category","embeddable":true,"href":"https:\/\/espaciolaplaza.es\/index.php\/wp-json\/wp\/v2\/mec_category?post=2187"}],"curies":[{"name":"wp","href":"https:\/\/api.w.org\/{rel}","templated":true}]}}

Exposición «Generación del 27»

<p><strong>EXPOSICIÓN GENERAL DEL 27. MEMORIA Y POESÍA  Gobierno de Cantabria)</strong></p>
<p>Sala de Exposiciones del Teatro Municipal de Los Corrales de Buelna</p>
<p>Del 3 de agosto al 4 de septiembre</p>
<p>Muestra colectiva de fotógrafos de la región que recrean la huella dejada por el paso de los componentes de la generación del 27 por Santander y Cantabria.</p>

<p>EXPOSICIÓN GENERAL DEL 27. MEMORIA Y POESÍA  Gobierno de Cantabria) Sala de Exposiciones del Teatro Municipal de Los Corrales de Buelna Del 3 de agosto al 4 de septiembre Muestra colectiva de fotógrafos de la región que recrean la huella dejada por el paso de los componentes de la generación del 27 por Santander y [&hellip;]</p>
