{"id":2659,"date":"2023-08-10T11:31:15","date_gmt":"2023-08-10T10:31:15","guid":{"rendered":"https:\/\/espaciolaplaza.es\/?post_type=mec-events&#038;p=2659"},"modified":"2023-08-10T11:38:23","modified_gmt":"2023-08-10T10:38:23","slug":"exposicion-fotografica-sobre-las-guerras-cantabras","status":"publish","type":"mec-events","link":"https:\/\/espaciolaplaza.es\/index.php\/events\/exposicion-fotografica-sobre-las-guerras-cantabras\/","title":{"rendered":"Exposici\u00f3n fotogr\u00e1fica sobre Las Guerras C\u00e1ntabras"},"content":{"rendered":"<p><img decoding=\"async\" loading=\"lazy\" class=\"alignnone size-medium wp-image-2660\" src=\"http:\/\/espaciolaplaza.es\/wp-content\/uploads\/2023\/08\/EXPOSICION-teatro-municipal-Guerras-Cantabras-300x300.jpg\" alt=\"\" width=\"300\" height=\"300\" srcset=\"https:\/\/espaciolaplaza.es\/wp-content\/uploads\/2023\/08\/EXPOSICION-teatro-municipal-Guerras-Cantabras-300x300.jpg 300w, https:\/\/espaciolaplaza.es\/wp-content\/uploads\/2023\/08\/EXPOSICION-teatro-municipal-Guerras-Cantabras-1024x1024.jpg 1024w, https:\/\/espaciolaplaza.es\/wp-content\/uploads\/2023\/08\/EXPOSICION-teatro-municipal-Guerras-Cantabras-150x150.jpg 150w, https:\/\/espaciolaplaza.es\/wp-content\/uploads\/2023\/08\/EXPOSICION-teatro-municipal-Guerras-Cantabras-768x768.jpg 768w, https:\/\/espaciolaplaza.es\/wp-content\/uploads\/2023\/08\/EXPOSICION-teatro-municipal-Guerras-Cantabras.jpg 1080w\" sizes=\"(max-width: 300px) 100vw, 300px\" \/><\/p>\n<p>Fotos de Miguel Angel de Arriba<\/p>\n<p>Teatro Municipal de Los Corrales de Buelna<\/p>\n","protected":false},"excerpt":{"rendered":"<p>Fotos de Miguel Angel de Arriba Teatro Municipal de Los Corrales de Buelna<\/p>\n","protected":false},"author":1,"featured_media":2660,"template":"","tags":[124],"mec_category":[311],"_links":{"self":[{"href":"https:\/\/espaciolaplaza.es\/index.php\/wp-json\/wp\/v2\/mec-events\/2659"}],"collection":[{"href":"https:\/\/espaciolaplaza.es\/index.php\/wp-json\/wp\/v2\/mec-events"}],"about":[{"href":"https:\/\/espaciolaplaza.es\/index.php\/wp-json\/wp\/v2\/types\/mec-events"}],"author":[{"embeddable":true,"href":"https:\/\/espaciolaplaza.es\/index.php\/wp-json\/wp\/v2\/users\/1"}],"wp:featuredmedia":[{"embeddable":true,"href":"https:\/\/espaciolaplaza.es\/index.php\/wp-json\/wp\/v2\/media\/2660"}],"wp:attachment":[{"href":"https:\/\/espaciolaplaza.es\/index.php\/wp-json\/wp\/v2\/media?parent=2659"}],"wp:term":[{"taxonomy":"post_tag","embeddable":true,"href":"https:\/\/espaciolaplaza.es\/index.php\/wp-json\/wp\/v2\/tags?post=2659"},{"taxonomy":"mec_category","embeddable":true,"href":"https:\/\/espaciolaplaza.es\/index.php\/wp-json\/wp\/v2\/mec_category?post=2659"}],"curies":[{"name":"wp","href":"https:\/\/api.w.org\/{rel}","templated":true}]}}

Exposición fotográfica sobre Las Guerras Cántabras
