{"id":2958,"date":"2023-10-11T11:45:27","date_gmt":"2023-10-11T10:45:27","guid":{"rendered":"http:\/\/espaciolaplaza.es\/?post_type=mec-events&#038;p=2958"},"modified":"2023-10-11T12:19:37","modified_gmt":"2023-10-11T11:19:37","slug":"filmoteca-regional-proyeccion-empieza-el-baile","status":"publish","type":"mec-events","link":"https:\/\/espaciolaplaza.es\/index.php\/events\/filmoteca-regional-proyeccion-empieza-el-baile\/","title":{"rendered":"Filmoteca regional: proyecci\u00f3n &#8216;Empieza el baile&#8217;"},"content":{"rendered":"<p>No te pierdas este\u00a0<strong>jueves 26 de octubre<\/strong> no te pierdas la proyecci\u00f3n de la pel\u00edcula <strong>&#8216;<\/strong><b>Empieza el baile&#8217;<\/b>\u00a0en el\u00a0<strong>Teatro Municipal<\/strong>\u00a0de Los Corrales de Buelna.<\/p>\n<p><em>Carlos y Margarita fueron la pareja de tango m\u00e1s famosa y reconocida de su \u00e9poca. Hoy, poco y hasta nada queda de ese esplendor, de esa pasi\u00f3n que los llev\u00f3 a compartir, escenarios, viajes y vida&#8230; Carlos vive en Madrid, disfrutando de la segunda oportunidad que le ha dado la vida, y Margarita vive en Buenos Aires inmersa en la pobreza y el olvido, pero con el humor socarr\u00f3n y canalla que siempre la ha caracterizado. Junto a su inseparable amigo Pichuquito, la pareja inicia un viaje desde la ciudad de Carlos Gardel hasta el pie de la cordillera de Los Andes en busca de respuestas, que les enfrentar\u00e1 a sus recuerdos, y a sus miedos, pero sobre todo a sus verdaderos deseos. (FILMAFFINITY)<\/em><\/p>\n<p>&nbsp;<\/p>\n<p>\u00a1Te esperamos!<\/p>\n","protected":false},"excerpt":{"rendered":"<p>No te pierdas este\u00a0jueves 26 de octubre no te pierdas la proyecci\u00f3n de la pel\u00edcula &#8216;Empieza el baile&#8217;\u00a0en el\u00a0Teatro Municipal\u00a0de Los Corrales de Buelna. Carlos y Margarita fueron la pareja de tango m\u00e1s famosa y reconocida de su \u00e9poca. Hoy, poco y hasta nada queda de ese esplendor, de esa pasi\u00f3n que los llev\u00f3 a [&hellip;]<\/p>\n","protected":false},"author":2,"featured_media":2954,"template":"","tags":[58,38,398,17,41,326,134],"mec_category":[313],"_links":{"self":[{"href":"https:\/\/espaciolaplaza.es\/index.php\/wp-json\/wp\/v2\/mec-events\/2958"}],"collection":[{"href":"https:\/\/espaciolaplaza.es\/index.php\/wp-json\/wp\/v2\/mec-events"}],"about":[{"href":"https:\/\/espaciolaplaza.es\/index.php\/wp-json\/wp\/v2\/types\/mec-events"}],"author":[{"embeddable":true,"href":"https:\/\/espaciolaplaza.es\/index.php\/wp-json\/wp\/v2\/users\/2"}],"wp:featuredmedia":[{"embeddable":true,"href":"https:\/\/espaciolaplaza.es\/index.php\/wp-json\/wp\/v2\/media\/2954"}],"wp:attachment":[{"href":"https:\/\/espaciolaplaza.es\/index.php\/wp-json\/wp\/v2\/media?parent=2958"}],"wp:term":[{"taxonomy":"post_tag","embeddable":true,"href":"https:\/\/espaciolaplaza.es\/index.php\/wp-json\/wp\/v2\/tags?post=2958"},{"taxonomy":"mec_category","embeddable":true,"href":"https:\/\/espaciolaplaza.es\/index.php\/wp-json\/wp\/v2\/mec_category?post=2958"}],"curies":[{"name":"wp","href":"https:\/\/api.w.org\/{rel}","templated":true}]}}

Filmoteca regional: proyección &#8216;Empieza el baile&#8217;

<p>No te pierdas este <strong>jueves 26 de octubre</strong> no te pierdas la proyección de la película <strong>&#8216;</strong><b>Empieza el baile&#8217;</b> en el <strong>Teatro Municipal</strong> de Los Corrales de Buelna.</p>
<p><em>Carlos y Margarita fueron la pareja de tango más famosa y reconocida de su época. Hoy, poco y hasta nada queda de ese esplendor, de esa pasión que los llevó a compartir, escenarios, viajes y vida&#8230; Carlos vive en Madrid, disfrutando de la segunda oportunidad que le ha dado la vida, y Margarita vive en Buenos Aires inmersa en la pobreza y el olvido, pero con el humor socarrón y canalla que siempre la ha caracterizado. Junto a su inseparable amigo Pichuquito, la pareja inicia un viaje desde la ciudad de Carlos Gardel hasta el pie de la cordillera de Los Andes en busca de respuestas, que les enfrentará a sus recuerdos, y a sus miedos, pero sobre todo a sus verdaderos deseos. (FILMAFFINITY)</em></p>
<p>&nbsp;</p>
<p>¡Te esperamos!</p>

<p>No te pierdas este jueves 26 de octubre no te pierdas la proyección de la película &#8216;Empieza el baile&#8217; en el Teatro Municipal de Los Corrales de Buelna. Carlos y Margarita fueron la pareja de tango más famosa y reconocida de su época. Hoy, poco y hasta nada queda de ese esplendor, de esa pasión que los llevó a [&hellip;]</p>
