{"id":2962,"date":"2023-10-11T11:59:00","date_gmt":"2023-10-11T10:59:00","guid":{"rendered":"http:\/\/espaciolaplaza.es\/?post_type=mec-events&#038;p=2962"},"modified":"2023-10-11T12:21:02","modified_gmt":"2023-10-11T11:21:02","slug":"filmoteca-regional-proyeccion-vredens-dag","status":"publish","type":"mec-events","link":"https:\/\/espaciolaplaza.es\/index.php\/events\/filmoteca-regional-proyeccion-vredens-dag\/","title":{"rendered":"Filmoteca regional: proyecci\u00f3n &#8216;Vredens dag&#8217;"},"content":{"rendered":"<p>No te pierdas este\u00a0<strong>jueves 23 de noviembre<\/strong>\u00a0no te pierdas la proyecci\u00f3n de la pel\u00edcula\u00a0<strong>\u2018Vredens dag<\/strong><b>\u2019<\/b>\u00a0en el\u00a0<strong>Teatro Municipal<\/strong>\u00a0de Los Corrales de Buelna.<\/p>\n<p><em>Dinamarca, 1623. En plena caza de brujas, Absalom, un viejo sacerdote, promete a una mujer condenada a muerte que salvar\u00e1 a su hija Anne de la hoguera si la joven accede a casarse con \u00e9l. Seg\u00fan la ley, las descendientes de las brujas tambi\u00e9n deben arder en una pira. Meret, la anciana madre de Absalom, desaprueba desde el principio el matrimonio. Cuando Martin, el hijo de Absalom, regresa a casa para conocer a su madrastra, se enamorar\u00e1 de ella y ambos compartir\u00e1n una relaci\u00f3n prohibida que tendr\u00e1 inesperadas consecuencias. (FILMAFFINITY)<\/em><\/p>\n<p>&nbsp;<\/p>\n<p>\u00a1Te esperamos!<\/p>\n","protected":false},"excerpt":{"rendered":"<p>No te pierdas este\u00a0jueves 23 de noviembre\u00a0no te pierdas la proyecci\u00f3n de la pel\u00edcula\u00a0\u2018Vredens dag\u2019\u00a0en el\u00a0Teatro Municipal\u00a0de Los Corrales de Buelna. Dinamarca, 1623. En plena caza de brujas, Absalom, un viejo sacerdote, promete a una mujer condenada a muerte que salvar\u00e1 a su hija Anne de la hoguera si la joven accede a casarse con [&hellip;]<\/p>\n","protected":false},"author":2,"featured_media":2954,"template":"","tags":[58,38,398,17,41,326,134],"mec_category":[313],"_links":{"self":[{"href":"https:\/\/espaciolaplaza.es\/index.php\/wp-json\/wp\/v2\/mec-events\/2962"}],"collection":[{"href":"https:\/\/espaciolaplaza.es\/index.php\/wp-json\/wp\/v2\/mec-events"}],"about":[{"href":"https:\/\/espaciolaplaza.es\/index.php\/wp-json\/wp\/v2\/types\/mec-events"}],"author":[{"embeddable":true,"href":"https:\/\/espaciolaplaza.es\/index.php\/wp-json\/wp\/v2\/users\/2"}],"wp:featuredmedia":[{"embeddable":true,"href":"https:\/\/espaciolaplaza.es\/index.php\/wp-json\/wp\/v2\/media\/2954"}],"wp:attachment":[{"href":"https:\/\/espaciolaplaza.es\/index.php\/wp-json\/wp\/v2\/media?parent=2962"}],"wp:term":[{"taxonomy":"post_tag","embeddable":true,"href":"https:\/\/espaciolaplaza.es\/index.php\/wp-json\/wp\/v2\/tags?post=2962"},{"taxonomy":"mec_category","embeddable":true,"href":"https:\/\/espaciolaplaza.es\/index.php\/wp-json\/wp\/v2\/mec_category?post=2962"}],"curies":[{"name":"wp","href":"https:\/\/api.w.org\/{rel}","templated":true}]}}

Filmoteca regional: proyección &#8216;Vredens dag&#8217;

<p>No te pierdas este <strong>jueves 23 de noviembre</strong> no te pierdas la proyección de la película <strong>‘Vredens dag</strong><b>’</b> en el <strong>Teatro Municipal</strong> de Los Corrales de Buelna.</p>
<p><em>Dinamarca, 1623. En plena caza de brujas, Absalom, un viejo sacerdote, promete a una mujer condenada a muerte que salvará a su hija Anne de la hoguera si la joven accede a casarse con él. Según la ley, las descendientes de las brujas también deben arder en una pira. Meret, la anciana madre de Absalom, desaprueba desde el principio el matrimonio. Cuando Martin, el hijo de Absalom, regresa a casa para conocer a su madrastra, se enamorará de ella y ambos compartirán una relación prohibida que tendrá inesperadas consecuencias. (FILMAFFINITY)</em></p>
<p>&nbsp;</p>
<p>¡Te esperamos!</p>

<p>No te pierdas este jueves 23 de noviembre no te pierdas la proyección de la película ‘Vredens dag’ en el Teatro Municipal de Los Corrales de Buelna. Dinamarca, 1623. En plena caza de brujas, Absalom, un viejo sacerdote, promete a una mujer condenada a muerte que salvará a su hija Anne de la hoguera si la joven accede a casarse con [&hellip;]</p>
