{"id":3019,"date":"2023-11-02T12:04:41","date_gmt":"2023-11-02T11:04:41","guid":{"rendered":"https:\/\/espaciolaplaza.es\/?post_type=mec-events&#038;p=3019"},"modified":"2023-11-02T12:04:41","modified_gmt":"2023-11-02T11:04:41","slug":"noviembre-literario-con-la-ilustradora-rebeca-luciani","status":"publish","type":"mec-events","link":"https:\/\/espaciolaplaza.es\/index.php\/events\/noviembre-literario-con-la-ilustradora-rebeca-luciani\/","title":{"rendered":"&#8216;Noviembre Literario&#8217; con la ilustradora Rebeca Luciani"},"content":{"rendered":"<p>Este<strong> mi\u00e9rcoles 22 de noviembre<\/strong> continuamos con <strong>\u2018Noviembre literario&#8217; <\/strong>de la mano de <strong>Rebeca Luciani<\/strong>, quien nos hablar\u00e1 de su trabajo como ilustradora.<\/p>\n<p>&nbsp;<\/p>\n<p>El evento tendr\u00e1 lugar en la\u00a0<strong>Biblioteca Municipal<\/strong>\u00a0de\u00a0<strong>Los corrales de Buelna<\/strong>\u00a0a las\u00a0<strong>18:00 h <\/strong>y podr\u00e1n asistir ni\u00f1os y ni\u00f1as desde los 5 a\u00f1os.<\/p>\n<p>&nbsp;<\/p>\n<p>\u00a1Te esperamos!<\/p>\n","protected":false},"excerpt":{"rendered":"<p>Este mi\u00e9rcoles 22 de noviembre continuamos con \u2018Noviembre literario&#8217; de la mano de Rebeca Luciani, quien nos hablar\u00e1 de su trabajo como ilustradora. &nbsp; El evento tendr\u00e1 lugar en la\u00a0Biblioteca Municipal\u00a0de\u00a0Los corrales de Buelna\u00a0a las\u00a018:00 h y podr\u00e1n asistir ni\u00f1os y ni\u00f1as desde los 5 a\u00f1os. &nbsp; \u00a1Te esperamos!<\/p>\n","protected":false},"author":2,"featured_media":3009,"template":"","tags":[164,210,58,437,387,213,208,17,174,434,435],"mec_category":[377],"_links":{"self":[{"href":"https:\/\/espaciolaplaza.es\/index.php\/wp-json\/wp\/v2\/mec-events\/3019"}],"collection":[{"href":"https:\/\/espaciolaplaza.es\/index.php\/wp-json\/wp\/v2\/mec-events"}],"about":[{"href":"https:\/\/espaciolaplaza.es\/index.php\/wp-json\/wp\/v2\/types\/mec-events"}],"author":[{"embeddable":true,"href":"https:\/\/espaciolaplaza.es\/index.php\/wp-json\/wp\/v2\/users\/2"}],"wp:featuredmedia":[{"embeddable":true,"href":"https:\/\/espaciolaplaza.es\/index.php\/wp-json\/wp\/v2\/media\/3009"}],"wp:attachment":[{"href":"https:\/\/espaciolaplaza.es\/index.php\/wp-json\/wp\/v2\/media?parent=3019"}],"wp:term":[{"taxonomy":"post_tag","embeddable":true,"href":"https:\/\/espaciolaplaza.es\/index.php\/wp-json\/wp\/v2\/tags?post=3019"},{"taxonomy":"mec_category","embeddable":true,"href":"https:\/\/espaciolaplaza.es\/index.php\/wp-json\/wp\/v2\/mec_category?post=3019"}],"curies":[{"name":"wp","href":"https:\/\/api.w.org\/{rel}","templated":true}]}}

<p>Este<strong> miércoles 22 de noviembre</strong> continuamos con <strong>‘Noviembre literario&#8217; </strong>de la mano de <strong>Rebeca Luciani</strong>, quien nos hablará de su trabajo como ilustradora.</p>
<p>&nbsp;</p>
<p>El evento tendrá lugar en la <strong>Biblioteca Municipal</strong> de <strong>Los corrales de Buelna</strong> a las <strong>18:00 h </strong>y podrán asistir niños y niñas desde los 5 años.</p>
<p>&nbsp;</p>
<p>¡Te esperamos!</p>

<p>Este miércoles 22 de noviembre continuamos con ‘Noviembre literario&#8217; de la mano de Rebeca Luciani, quien nos hablará de su trabajo como ilustradora. &nbsp; El evento tendrá lugar en la Biblioteca Municipal de Los corrales de Buelna a las 18:00 h y podrán asistir niños y niñas desde los 5 años. &nbsp; ¡Te esperamos!</p>
