{"id":3315,"date":"2024-03-14T10:09:58","date_gmt":"2024-03-14T09:09:58","guid":{"rendered":"https:\/\/espaciolaplaza.es\/?post_type=mec-events&#038;p=3315"},"modified":"2024-03-14T10:16:34","modified_gmt":"2024-03-14T09:16:34","slug":"recital-de-poesia-y-taller-en-la-biblioteca-municipal-de-los-corrales-de-buelna","status":"publish","type":"mec-events","link":"https:\/\/espaciolaplaza.es\/index.php\/events\/recital-de-poesia-y-taller-en-la-biblioteca-municipal-de-los-corrales-de-buelna\/","title":{"rendered":"Recital de poes\u00eda y taller en la Biblioteca Municipal de Los Corrales de Buelna"},"content":{"rendered":"<p>Con motivo de la celebraci\u00f3n del <strong>D\u00eda de la Poes\u00eda<\/strong> el pr\u00f3ximo jueves\u00a0 el 21 de marzo la Biblioteca Municipal de Los Corrales de Buelna se adelanta un d\u00eda y organiza un recital de poes\u00eda y taller en torno al libro <strong>`\u00bfDe qui\u00e9n es este rabo?\u00b4<\/strong>.<\/p>\n<p>Se trata de un libro muy especial para primeros lectores. Consigue aunar juego, humor, poes\u00eda y originalidad tanto en las im\u00e1genes como en el texto, muy cercano a la inspiraci\u00f3n de la mejor Gloria Fuertes.<\/p>\n<p>El encuentro tendr\u00e1 lugar el <strong>mi\u00e9rcoles 2o de marzo a las 18:00 h. en la Biblioteca Municipal<\/strong>.<\/p>\n<p>&nbsp;<\/p>\n<p>\u00a1Te esperamos!<\/p>\n","protected":false},"excerpt":{"rendered":"<p>Con motivo de la celebraci\u00f3n del D\u00eda de la Poes\u00eda el pr\u00f3ximo jueves\u00a0 el 21 de marzo la Biblioteca Municipal de Los Corrales de Buelna se adelanta un d\u00eda y organiza un recital de poes\u00eda y taller en torno al libro `\u00bfDe qui\u00e9n es este rabo?\u00b4. Se trata de un libro muy especial para primeros [&hellip;]<\/p>\n","protected":false},"author":2,"featured_media":3311,"template":"","tags":[164,210,208,55,17,23,228,542,167,40],"mec_category":[377],"_links":{"self":[{"href":"https:\/\/espaciolaplaza.es\/index.php\/wp-json\/wp\/v2\/mec-events\/3315"}],"collection":[{"href":"https:\/\/espaciolaplaza.es\/index.php\/wp-json\/wp\/v2\/mec-events"}],"about":[{"href":"https:\/\/espaciolaplaza.es\/index.php\/wp-json\/wp\/v2\/types\/mec-events"}],"author":[{"embeddable":true,"href":"https:\/\/espaciolaplaza.es\/index.php\/wp-json\/wp\/v2\/users\/2"}],"wp:featuredmedia":[{"embeddable":true,"href":"https:\/\/espaciolaplaza.es\/index.php\/wp-json\/wp\/v2\/media\/3311"}],"wp:attachment":[{"href":"https:\/\/espaciolaplaza.es\/index.php\/wp-json\/wp\/v2\/media?parent=3315"}],"wp:term":[{"taxonomy":"post_tag","embeddable":true,"href":"https:\/\/espaciolaplaza.es\/index.php\/wp-json\/wp\/v2\/tags?post=3315"},{"taxonomy":"mec_category","embeddable":true,"href":"https:\/\/espaciolaplaza.es\/index.php\/wp-json\/wp\/v2\/mec_category?post=3315"}],"curies":[{"name":"wp","href":"https:\/\/api.w.org\/{rel}","templated":true}]}}

Recital de poesía y taller en la Biblioteca Municipal de Los Corrales de Buelna

<p>Con motivo de la celebración del <strong>Día de la Poesía</strong> el próximo jueves  el 21 de marzo la Biblioteca Municipal de Los Corrales de Buelna se adelanta un día y organiza un recital de poesía y taller en torno al libro <strong>`¿De quién es este rabo?´</strong>.</p>
<p>Se trata de un libro muy especial para primeros lectores. Consigue aunar juego, humor, poesía y originalidad tanto en las imágenes como en el texto, muy cercano a la inspiración de la mejor Gloria Fuertes.</p>
<p>El encuentro tendrá lugar el <strong>miércoles 2o de marzo a las 18:00 h. en la Biblioteca Municipal</strong>.</p>
<p>&nbsp;</p>
<p>¡Te esperamos!</p>

<p>Con motivo de la celebración del Día de la Poesía el próximo jueves  el 21 de marzo la Biblioteca Municipal de Los Corrales de Buelna se adelanta un día y organiza un recital de poesía y taller en torno al libro `¿De quién es este rabo?´. Se trata de un libro muy especial para primeros [&hellip;]</p>
