{"id":3444,"date":"2024-04-29T09:09:49","date_gmt":"2024-04-29T08:09:49","guid":{"rendered":"https:\/\/espaciolaplaza.es\/?post_type=mec-events&#038;p=3444"},"modified":"2024-04-29T12:14:23","modified_gmt":"2024-04-29T11:14:23","slug":"encuentados-de-oirte-de-nuevo-en-la-biblioteca-municipal","status":"publish","type":"mec-events","link":"https:\/\/espaciolaplaza.es\/index.php\/events\/encuentados-de-oirte-de-nuevo-en-la-biblioteca-municipal\/","title":{"rendered":"`Encuentados de oirte\u00b4 de nuevo en la Biblioteca Municipal"},"content":{"rendered":"<p>La <strong>Biblioteca Municipal<\/strong> nos acerca la lectura de los cuentos m\u00e1s apasionantes de la mano de <strong>`Encuentados de oirte\u00b4<\/strong> y con la lectura de <strong>Dolores P\u00f3liz<\/strong> (cuentos con Kamishibai), las ni\u00f1as Sof\u00eda Ruiz, Nerea D\u00edaz, Paula S\u00e1iz y el ni\u00f1o Leo Via\u00f1a. El evento tendr\u00e1 lugar hoy <strong>lunes 29 de abril a las 18:00<\/strong> h. en la Biblioteca Municipal de Los Corrales de Buelna.<\/p>\n<p>&nbsp;<\/p>\n<p>\u00a1Te esperamos!<\/p>\n","protected":false},"excerpt":{"rendered":"<p>La Biblioteca Municipal nos acerca la lectura de los cuentos m\u00e1s apasionantes de la mano de `Encuentados de oirte\u00b4 y con la lectura de Dolores P\u00f3liz (cuentos con Kamishibai), las ni\u00f1as Sof\u00eda Ruiz, Nerea D\u00edaz, Paula S\u00e1iz y el ni\u00f1o Leo Via\u00f1a. El evento tendr\u00e1 lugar hoy lunes 29 de abril a las 18:00 h. [&hellip;]<\/p>\n","protected":false},"author":2,"featured_media":3442,"template":"","tags":[590,28,164,210,58,603,83,331,208,148,17,40],"mec_category":[377],"_links":{"self":[{"href":"https:\/\/espaciolaplaza.es\/index.php\/wp-json\/wp\/v2\/mec-events\/3444"}],"collection":[{"href":"https:\/\/espaciolaplaza.es\/index.php\/wp-json\/wp\/v2\/mec-events"}],"about":[{"href":"https:\/\/espaciolaplaza.es\/index.php\/wp-json\/wp\/v2\/types\/mec-events"}],"author":[{"embeddable":true,"href":"https:\/\/espaciolaplaza.es\/index.php\/wp-json\/wp\/v2\/users\/2"}],"wp:featuredmedia":[{"embeddable":true,"href":"https:\/\/espaciolaplaza.es\/index.php\/wp-json\/wp\/v2\/media\/3442"}],"wp:attachment":[{"href":"https:\/\/espaciolaplaza.es\/index.php\/wp-json\/wp\/v2\/media?parent=3444"}],"wp:term":[{"taxonomy":"post_tag","embeddable":true,"href":"https:\/\/espaciolaplaza.es\/index.php\/wp-json\/wp\/v2\/tags?post=3444"},{"taxonomy":"mec_category","embeddable":true,"href":"https:\/\/espaciolaplaza.es\/index.php\/wp-json\/wp\/v2\/mec_category?post=3444"}],"curies":[{"name":"wp","href":"https:\/\/api.w.org\/{rel}","templated":true}]}}

<p>La <strong>Biblioteca Municipal</strong> nos acerca la lectura de los cuentos más apasionantes de la mano de <strong>`Encuentados de oirte´</strong> y con la lectura de <strong>Dolores Póliz</strong> (cuentos con Kamishibai), las niñas Sofía Ruiz, Nerea Díaz, Paula Sáiz y el niño Leo Viaña. El evento tendrá lugar hoy <strong>lunes 29 de abril a las 18:00</strong> h. en la Biblioteca Municipal de Los Corrales de Buelna.</p>
<p>&nbsp;</p>
<p>¡Te esperamos!</p>

<p>La Biblioteca Municipal nos acerca la lectura de los cuentos más apasionantes de la mano de `Encuentados de oirte´ y con la lectura de Dolores Póliz (cuentos con Kamishibai), las niñas Sofía Ruiz, Nerea Díaz, Paula Sáiz y el niño Leo Viaña. El evento tendrá lugar hoy lunes 29 de abril a las 18:00 h. [&hellip;]</p>
