{"id":3662,"date":"2024-09-11T09:47:27","date_gmt":"2024-09-11T08:47:27","guid":{"rendered":"https:\/\/espaciolaplaza.es\/?post_type=mec-events&#038;p=3662"},"modified":"2024-09-11T09:48:47","modified_gmt":"2024-09-11T08:48:47","slug":"exposicion-trazos-naturales-2","status":"publish","type":"mec-events","link":"https:\/\/espaciolaplaza.es\/index.php\/events\/exposicion-trazos-naturales-2\/","title":{"rendered":"Exposici\u00f3n \u2018Trazos Naturales 2\u2019"},"content":{"rendered":"<div dir=\"auto\">Ya pod\u00e9is disfrutar de la exposici\u00f3n &#8216;Trazos Naturales 2&#8217; de la artista c\u00e1ntabra, Raquel del Val, en la sala de exposiciones del teatro Municipal.<\/div>\n<div dir=\"auto\">Desde el d\u00eda 5 de septiembre, cuando tendr\u00e1 lugar la inauguraci\u00f3n de esta exposici\u00f3n al d\u00eda 2 de octubre, la artista corraliega nos presenta su ultimo trabajo, calidad y arte nos esperan en una exposici\u00f3n llena de color y gran calidad.<\/div>\n<div dir=\"auto\"><\/div>\n<div dir=\"auto\">\u00a1Os esperamos!<\/div>\n","protected":false},"excerpt":{"rendered":"<p>Ya pod\u00e9is disfrutar de la exposici\u00f3n &#8216;Trazos Naturales 2&#8217; de la artista c\u00e1ntabra, Raquel del Val, en la sala de exposiciones del teatro Municipal. Desde el d\u00eda 5 de septiembre, cuando tendr\u00e1 lugar la inauguraci\u00f3n de esta exposici\u00f3n al d\u00eda 2 de octubre, la artista corraliega nos presenta su ultimo trabajo, calidad y arte nos [&hellip;]<\/p>\n","protected":false},"author":2,"featured_media":3660,"template":"","tags":[128,164,210,58,102,83,133,17,680,40],"mec_category":[349],"_links":{"self":[{"href":"https:\/\/espaciolaplaza.es\/index.php\/wp-json\/wp\/v2\/mec-events\/3662"}],"collection":[{"href":"https:\/\/espaciolaplaza.es\/index.php\/wp-json\/wp\/v2\/mec-events"}],"about":[{"href":"https:\/\/espaciolaplaza.es\/index.php\/wp-json\/wp\/v2\/types\/mec-events"}],"author":[{"embeddable":true,"href":"https:\/\/espaciolaplaza.es\/index.php\/wp-json\/wp\/v2\/users\/2"}],"wp:featuredmedia":[{"embeddable":true,"href":"https:\/\/espaciolaplaza.es\/index.php\/wp-json\/wp\/v2\/media\/3660"}],"wp:attachment":[{"href":"https:\/\/espaciolaplaza.es\/index.php\/wp-json\/wp\/v2\/media?parent=3662"}],"wp:term":[{"taxonomy":"post_tag","embeddable":true,"href":"https:\/\/espaciolaplaza.es\/index.php\/wp-json\/wp\/v2\/tags?post=3662"},{"taxonomy":"mec_category","embeddable":true,"href":"https:\/\/espaciolaplaza.es\/index.php\/wp-json\/wp\/v2\/mec_category?post=3662"}],"curies":[{"name":"wp","href":"https:\/\/api.w.org\/{rel}","templated":true}]}}

Exposición ‘Trazos Naturales 2’

<div dir="auto">Ya podéis disfrutar de la exposición &#8216;Trazos Naturales 2&#8217; de la artista cántabra, Raquel del Val, en la sala de exposiciones del teatro Municipal.</div>
<div dir="auto">Desde el día 5 de septiembre, cuando tendrá lugar la inauguración de esta exposición al día 2 de octubre, la artista corraliega nos presenta su ultimo trabajo, calidad y arte nos esperan en una exposición llena de color y gran calidad.</div>
<div dir="auto"></div>
<div dir="auto">¡Os esperamos!</div>

<p>Ya podéis disfrutar de la exposición &#8216;Trazos Naturales 2&#8217; de la artista cántabra, Raquel del Val, en la sala de exposiciones del teatro Municipal. Desde el día 5 de septiembre, cuando tendrá lugar la inauguración de esta exposición al día 2 de octubre, la artista corraliega nos presenta su ultimo trabajo, calidad y arte nos [&hellip;]</p>
