{"id":3678,"date":"2024-09-17T12:32:51","date_gmt":"2024-09-17T11:32:51","guid":{"rendered":"https:\/\/espaciolaplaza.es\/?post_type=mec-events&#038;p=3678"},"modified":"2024-09-17T12:32:58","modified_gmt":"2024-09-17T11:32:58","slug":"cine-comercial-transformers-one","status":"publish","type":"mec-events","link":"https:\/\/espaciolaplaza.es\/index.php\/events\/cine-comercial-transformers-one\/","title":{"rendered":"Cine comercial: \u2018Transformers One\u2019"},"content":{"rendered":"<p>Este fin de semana llega al <strong>Cine Comercial (Teatro Municipal)<\/strong> de Los Corrales de Buelna <strong>&#8216;Transformers One&#8217;<\/strong>, pel\u00edcula animada de acci\u00f3n y ciencia ficci\u00f3n basada en la l\u00ednea de juguetes Transformers de Hasbro.<\/p>\n<p><strong>Los pases ser\u00e1n los siguientes:<\/strong><\/p>\n<ul>\n<li>20, 23, 27, 28, 29 y 30 de septiembre<\/li>\n<li>A las 17:00 y a las 20:00 h.<\/li>\n<li>Entrada general: 4,71\u20ac (venta en taquilla)<\/li>\n<li>Calificaci\u00f3n: +7 a\u00f1os<\/li>\n<\/ul>\n<p><strong>Sinopsis:<\/strong> Es la historia jam\u00e1s contada del origen de Optimus Prime y Megatron y de c\u00f3mo pasaron de ser hermanos de armas que cambiaron el destino de Cybertron para siempre, a convertirse en enemigos ac\u00e9rrimos. (Filmaffinity)<\/p>\n<p><strong>T\u00edtulo original: <\/strong>Transformers One<\/p>\n<p><strong>A\u00f1o: <\/strong>2024<\/p>\n<p><strong>Duraci\u00f3n: <\/strong>103 min<\/p>\n<p><strong>Pa\u00eds: <\/strong>Estados Unidos<\/p>\n<p><strong>Direcci\u00f3n: <\/strong><span class=\"nb\">Josh Cooley<\/span><\/p>\n<p><strong>Reparto:<\/strong>\u00a0Chris Hemsworth,\u00a0Brian Tyree Henry,\u00a0Scarlett Johansson,\u00a0Keegan-Michael Key,\u00a0Steve Buscemi,\u00a0Laurence Fishburne\u00a0y\u00a0Jon Hamm.<\/p>\n<p><strong>Guion:<\/strong> <span class=\"nb\">Andrew Barrer,<\/span>\u00a0<span class=\"nb\">Gabriel Ferrari,<\/span>\u00a0<span class=\"nb\">Eric Pearson<\/span><\/p>\n<p><strong>Historia<i>: <\/i><\/strong><span class=\"nb\">Bobby Rubio<\/span><\/p>\n","protected":false},"excerpt":{"rendered":"<p>Este fin de semana llega al Cine Comercial (Teatro Municipal) de Los Corrales de Buelna &#8216;Transformers One&#8217;, pel\u00edcula animada de acci\u00f3n y ciencia ficci\u00f3n basada en la l\u00ednea de juguetes Transformers de Hasbro. Los pases ser\u00e1n los siguientes: 20, 23, 27, 28, 29 y 30 de septiembre A las 17:00 y a las 20:00 h. [&hellip;]<\/p>\n","protected":false},"author":2,"featured_media":3676,"template":"","tags":[164,210,38,673,102,83,331,522,17,693,134,40,691],"mec_category":[313],"_links":{"self":[{"href":"https:\/\/espaciolaplaza.es\/index.php\/wp-json\/wp\/v2\/mec-events\/3678"}],"collection":[{"href":"https:\/\/espaciolaplaza.es\/index.php\/wp-json\/wp\/v2\/mec-events"}],"about":[{"href":"https:\/\/espaciolaplaza.es\/index.php\/wp-json\/wp\/v2\/types\/mec-events"}],"author":[{"embeddable":true,"href":"https:\/\/espaciolaplaza.es\/index.php\/wp-json\/wp\/v2\/users\/2"}],"wp:featuredmedia":[{"embeddable":true,"href":"https:\/\/espaciolaplaza.es\/index.php\/wp-json\/wp\/v2\/media\/3676"}],"wp:attachment":[{"href":"https:\/\/espaciolaplaza.es\/index.php\/wp-json\/wp\/v2\/media?parent=3678"}],"wp:term":[{"taxonomy":"post_tag","embeddable":true,"href":"https:\/\/espaciolaplaza.es\/index.php\/wp-json\/wp\/v2\/tags?post=3678"},{"taxonomy":"mec_category","embeddable":true,"href":"https:\/\/espaciolaplaza.es\/index.php\/wp-json\/wp\/v2\/mec_category?post=3678"}],"curies":[{"name":"wp","href":"https:\/\/api.w.org\/{rel}","templated":true}]}}

<p>Este fin de semana llega al <strong>Cine Comercial (Teatro Municipal)</strong> de Los Corrales de Buelna <strong>&#8216;Transformers One&#8217;</strong>, película animada de acción y ciencia ficción basada en la línea de juguetes Transformers de Hasbro.</p>
<p><strong>Los pases serán los siguientes:</strong></p>
<ul>
<li>20, 23, 27, 28, 29 y 30 de septiembre</li>
<li>A las 17:00 y a las 20:00 h.</li>
<li>Entrada general: 4,71€ (venta en taquilla)</li>
<li>Calificación: +7 años</li>
</ul>
<p><strong>Sinopsis:</strong> Es la historia jamás contada del origen de Optimus Prime y Megatron y de cómo pasaron de ser hermanos de armas que cambiaron el destino de Cybertron para siempre, a convertirse en enemigos acérrimos. (Filmaffinity)</p>
<p><strong>Título original: </strong>Transformers One</p>
<p><strong>Año: </strong>2024</p>
<p><strong>Duración: </strong>103 min</p>
<p><strong>País: </strong>Estados Unidos</p>
<p><strong>Dirección: </strong><span class="nb">Josh Cooley</span></p>
<p><strong>Reparto:</strong> Chris Hemsworth, Brian Tyree Henry, Scarlett Johansson, Keegan-Michael Key, Steve Buscemi, Laurence Fishburne y Jon Hamm.</p>
<p><strong>Guion:</strong> <span class="nb">Andrew Barrer,</span> <span class="nb">Gabriel Ferrari,</span> <span class="nb">Eric Pearson</span></p>
<p><strong>Historia<i>: </i></strong><span class="nb">Bobby Rubio</span></p>

<p>Este fin de semana llega al Cine Comercial (Teatro Municipal) de Los Corrales de Buelna &#8216;Transformers One&#8217;, película animada de acción y ciencia ficción basada en la línea de juguetes Transformers de Hasbro. Los pases serán los siguientes: 20, 23, 27, 28, 29 y 30 de septiembre A las 17:00 y a las 20:00 h. [&hellip;]</p>
