{"id":4481,"date":"2026-03-16T09:46:41","date_gmt":"2026-03-16T08:46:41","guid":{"rendered":"https:\/\/espaciolaplaza.es\/?post_type=mec-events&#038;p=4481"},"modified":"2026-03-16T09:46:41","modified_gmt":"2026-03-16T08:46:41","slug":"la-biblioteca-municipal-de-los-corrales-de-buelna-acoge-la-presentacion-del-libro-no-hombre","status":"publish","type":"mec-events","link":"https:\/\/espaciolaplaza.es\/index.php\/events\/la-biblioteca-municipal-de-los-corrales-de-buelna-acoge-la-presentacion-del-libro-no-hombre\/","title":{"rendered":"La Biblioteca Municipal de Los Corrales de Buelna acoge la presentaci\u00f3n del libro \u201cNo Hombre\u201d"},"content":{"rendered":"<p data-start=\"99\" data-end=\"351\">La <span class=\"hover:entity-accent entity-underline inline cursor-pointer align-baseline\"><span class=\"whitespace-normal\">Biblioteca Municipal de Los Corrales de Buelna<\/span><\/span> organizar\u00e1 un nuevo encuentro literario dentro del ciclo <strong data-start=\"197\" data-end=\"224\">\u201cEntre Amigos y Libros\u201d<\/strong> con la presentaci\u00f3n de la novela <strong data-start=\"258\" data-end=\"299\"><span class=\"hover:entity-accent entity-underline inline cursor-pointer align-baseline\"><span class=\"whitespace-normal\">No Hombre<\/span><\/span><\/strong>, escrita por <span class=\"hover:entity-accent entity-underline inline cursor-pointer align-baseline\"><span class=\"whitespace-normal\">Javier Mart\u00ednez Rueda<\/span><\/span>.<\/p>\n<p data-start=\"353\" data-end=\"730\">El evento tendr\u00e1 lugar el <strong data-start=\"379\" data-end=\"420\">viernes 27 de marzo a las 19:00 horas<\/strong> y contar\u00e1 con la participaci\u00f3n del autor, quien conversar\u00e1 con el p\u00fablico sobre el proceso creativo y los temas que aborda la obra. La actividad estar\u00e1 acompa\u00f1ada por <span class=\"hover:entity-accent entity-underline inline cursor-pointer align-baseline\"><span class=\"whitespace-normal\">Nacho Cavia<\/span><\/span>, que participar\u00e1 en un di\u00e1logo con el escritor para profundizar en los aspectos literarios de la novela.<\/p>\n<p data-start=\"732\" data-end=\"1071\">La iniciativa forma parte del programa cultural promovido por el <span class=\"hover:entity-accent entity-underline inline cursor-pointer align-baseline\"><span class=\"whitespace-normal\">Ayuntamiento de Los Corrales de Buelna<\/span><\/span> para fomentar la lectura y acercar a los autores al p\u00fablico local. Bajo el formato de conversaci\u00f3n abierta, los asistentes podr\u00e1n conocer de primera mano los detalles de la obra y participar en un intercambio de ideas en torno al libro.<\/p>\n<p data-start=\"1073\" data-end=\"1207\">El encuentro est\u00e1 abierto al p\u00fablico y busca consolidar la biblioteca como un espacio de di\u00e1logo cultural y literario en el municipio.<\/p>\n<p data-start=\"1073\" data-end=\"1207\">\u00a1Te esperamos!<\/p>\n","protected":false},"excerpt":{"rendered":"<p>La Biblioteca Municipal de Los Corrales de Buelna organizar\u00e1 un nuevo encuentro literario dentro del ciclo \u201cEntre Amigos y Libros\u201d con la presentaci\u00f3n de la novela No Hombre, escrita por Javier Mart\u00ednez Rueda. El evento tendr\u00e1 lugar el viernes 27 de marzo a las 19:00 horas y contar\u00e1 con la participaci\u00f3n del autor, quien conversar\u00e1 [&hellip;]<\/p>\n","protected":false},"author":2,"featured_media":4479,"template":"","tags":[1190,1141,1189,1186,793,83,1066,1184,1187,17,1185,1183,1182,1188],"mec_category":[377],"_links":{"self":[{"href":"https:\/\/espaciolaplaza.es\/index.php\/wp-json\/wp\/v2\/mec-events\/4481"}],"collection":[{"href":"https:\/\/espaciolaplaza.es\/index.php\/wp-json\/wp\/v2\/mec-events"}],"about":[{"href":"https:\/\/espaciolaplaza.es\/index.php\/wp-json\/wp\/v2\/types\/mec-events"}],"author":[{"embeddable":true,"href":"https:\/\/espaciolaplaza.es\/index.php\/wp-json\/wp\/v2\/users\/2"}],"wp:featuredmedia":[{"embeddable":true,"href":"https:\/\/espaciolaplaza.es\/index.php\/wp-json\/wp\/v2\/media\/4479"}],"wp:attachment":[{"href":"https:\/\/espaciolaplaza.es\/index.php\/wp-json\/wp\/v2\/media?parent=4481"}],"wp:term":[{"taxonomy":"post_tag","embeddable":true,"href":"https:\/\/espaciolaplaza.es\/index.php\/wp-json\/wp\/v2\/tags?post=4481"},{"taxonomy":"mec_category","embeddable":true,"href":"https:\/\/espaciolaplaza.es\/index.php\/wp-json\/wp\/v2\/mec_category?post=4481"}],"curies":[{"name":"wp","href":"https:\/\/api.w.org\/{rel}","templated":true}]}}

La Biblioteca Municipal de Los Corrales de Buelna acoge la presentación del libro “No Hombre”

<p data-start="99" data-end="351">La <span class="hover:entity-accent entity-underline inline cursor-pointer align-baseline"><span class="whitespace-normal">Biblioteca Municipal de Los Corrales de Buelna</span></span> organizará un nuevo encuentro literario dentro del ciclo <strong data-start="197" data-end="224">“Entre Amigos y Libros”</strong> con la presentación de la novela <strong data-start="258" data-end="299"><span class="hover:entity-accent entity-underline inline cursor-pointer align-baseline"><span class="whitespace-normal">No Hombre</span></span></strong>, escrita por <span class="hover:entity-accent entity-underline inline cursor-pointer align-baseline"><span class="whitespace-normal">Javier Martínez Rueda</span></span>.</p>
<p data-start="353" data-end="730">El evento tendrá lugar el <strong data-start="379" data-end="420">viernes 27 de marzo a las 19:00 horas</strong> y contará con la participación del autor, quien conversará con el público sobre el proceso creativo y los temas que aborda la obra. La actividad estará acompañada por <span class="hover:entity-accent entity-underline inline cursor-pointer align-baseline"><span class="whitespace-normal">Nacho Cavia</span></span>, que participará en un diálogo con el escritor para profundizar en los aspectos literarios de la novela.</p>
<p data-start="732" data-end="1071">La iniciativa forma parte del programa cultural promovido por el <span class="hover:entity-accent entity-underline inline cursor-pointer align-baseline"><span class="whitespace-normal">Ayuntamiento de Los Corrales de Buelna</span></span> para fomentar la lectura y acercar a los autores al público local. Bajo el formato de conversación abierta, los asistentes podrán conocer de primera mano los detalles de la obra y participar en un intercambio de ideas en torno al libro.</p>
<p data-start="1073" data-end="1207">El encuentro está abierto al público y busca consolidar la biblioteca como un espacio de diálogo cultural y literario en el municipio.</p>
<p data-start="1073" data-end="1207">¡Te esperamos!</p>

<p>La Biblioteca Municipal de Los Corrales de Buelna organizará un nuevo encuentro literario dentro del ciclo “Entre Amigos y Libros” con la presentación de la novela No Hombre, escrita por Javier Martínez Rueda. El evento tendrá lugar el viernes 27 de marzo a las 19:00 horas y contará con la participación del autor, quien conversará [&hellip;]</p>
