{"id":4613,"date":"2026-04-29T12:00:51","date_gmt":"2026-04-29T11:00:51","guid":{"rendered":"https:\/\/espaciolaplaza.es\/?post_type=mec-events&#038;p=4613"},"modified":"2026-04-29T12:01:07","modified_gmt":"2026-04-29T11:01:07","slug":"filmoteca-abril-sorda","status":"publish","type":"mec-events","link":"https:\/\/espaciolaplaza.es\/index.php\/events\/filmoteca-abril-sorda\/","title":{"rendered":"Filmoteca abril: Sorda"},"content":{"rendered":"<div class=\"credits\">\n<p data-start=\"121\" data-end=\"320\">Este\u00a0<strong data-start=\"126\" data-end=\"162\"> jueves 30 de abril a las 19:30 h<\/strong>, el <strong>Teatro Municipal de los Corrales de Buelna<\/strong> acoge la proyecci\u00f3n de <strong><em data-start=\"204\" data-end=\"218\">Sorda <\/em><\/strong>de la directora Eva Libertad.<\/p>\n<p data-start=\"322\" data-end=\"547\"><em>\u00c1ngela, una mujer sorda, va a tener un beb\u00e9 con H\u00e9ctor, su pareja oyente. El embarazo hace aflorar sus miedos frente la maternidad y sobre c\u00f3mo podr\u00e1 comunicarse con su hija. La llegada de la ni\u00f1a genera una crisis en la pareja y lleva a \u00c1ngela a afrontar la crianza de su hija en un mundo que no est\u00e1 hecho para ella. Largometraje basado en el corto de 2021 del mismo nombre. (FILMAFFINITY)<\/em><\/p>\n<p data-start=\"549\" data-end=\"751\">Las entradas podr\u00e1n adquirirse en la taquilla del espacio el mismo d\u00eda de la proyecci\u00f3n y tambi\u00e9n de forma anticipada a trav\u00e9s de este <a href=\"https:\/\/www.reservaentradas.com\/sesiones\/cantabria\/teatroloscorralesdebuelna\/sorda\/672?proximamente=true&amp;\">enlace<\/a><\/p>\n<p data-start=\"753\" data-end=\"900\"><span data-subtree=\"aimfl,mfl\" data-processed=\"true\">En los <strong>Premios Goya 2026<\/strong>, Sorda<\/span>\u00a0destac\u00f3 principalmente por el galard\u00f3n a\u00a0<strong>Miriam Garlo<\/strong>, quien gan\u00f3 el premio a\u00a0<strong>Mejor Actriz Revelaci\u00f3n<\/strong>. Garlo hizo historia al convertirse en la primera actriz sorda en obtener este reconocimiento, interpretando a una mujer que enfrenta la maternidad en la cinta dirigida por su hermana, Eva Libertad. \u00a0Adem\u00e1s, gan\u00f3 tambi\u00e9n en las categor\u00edas <strong>Mejor Direcci\u00f3n Novel<\/strong>\u00a0y <strong>Mejor Actor de Reparto<\/strong> para <strong>\u00c1lvaro Cervantes<\/strong>.<\/p>\n<\/div>\n<p data-start=\"753\" data-end=\"900\">\u00a1Te esperamos!<\/p>\n","protected":false},"excerpt":{"rendered":"<p>Este\u00a0 jueves 30 de abril a las 19:30 h, el Teatro Municipal de los Corrales de Buelna acoge la proyecci\u00f3n de Sorda de la directora Eva Libertad. \u00c1ngela, una mujer sorda, va a tener un beb\u00e9 con H\u00e9ctor, su pareja oyente. El embarazo hace aflorar sus miedos frente la maternidad y sobre c\u00f3mo podr\u00e1 comunicarse [&hellip;]<\/p>\n","protected":false},"author":2,"featured_media":4610,"template":"","tags":[164,972,793,83,1262,17,986,981,988,982],"mec_category":[313],"_links":{"self":[{"href":"https:\/\/espaciolaplaza.es\/index.php\/wp-json\/wp\/v2\/mec-events\/4613"}],"collection":[{"href":"https:\/\/espaciolaplaza.es\/index.php\/wp-json\/wp\/v2\/mec-events"}],"about":[{"href":"https:\/\/espaciolaplaza.es\/index.php\/wp-json\/wp\/v2\/types\/mec-events"}],"author":[{"embeddable":true,"href":"https:\/\/espaciolaplaza.es\/index.php\/wp-json\/wp\/v2\/users\/2"}],"wp:featuredmedia":[{"embeddable":true,"href":"https:\/\/espaciolaplaza.es\/index.php\/wp-json\/wp\/v2\/media\/4610"}],"wp:attachment":[{"href":"https:\/\/espaciolaplaza.es\/index.php\/wp-json\/wp\/v2\/media?parent=4613"}],"wp:term":[{"taxonomy":"post_tag","embeddable":true,"href":"https:\/\/espaciolaplaza.es\/index.php\/wp-json\/wp\/v2\/tags?post=4613"},{"taxonomy":"mec_category","embeddable":true,"href":"https:\/\/espaciolaplaza.es\/index.php\/wp-json\/wp\/v2\/mec_category?post=4613"}],"curies":[{"name":"wp","href":"https:\/\/api.w.org\/{rel}","templated":true}]}}

<div class="credits">
<p data-start="121" data-end="320">Este <strong data-start="126" data-end="162"> jueves 30 de abril a las 19:30 h</strong>, el <strong>Teatro Municipal de los Corrales de Buelna</strong> acoge la proyección de <strong><em data-start="204" data-end="218">Sorda </em></strong>de la directora Eva Libertad.</p>
<p data-start="322" data-end="547"><em>Ángela, una mujer sorda, va a tener un bebé con Héctor, su pareja oyente. El embarazo hace aflorar sus miedos frente la maternidad y sobre cómo podrá comunicarse con su hija. La llegada de la niña genera una crisis en la pareja y lleva a Ángela a afrontar la crianza de su hija en un mundo que no está hecho para ella. Largometraje basado en el corto de 2021 del mismo nombre. (FILMAFFINITY)</em></p>
<p data-start="549" data-end="751">Las entradas podrán adquirirse en la taquilla del espacio el mismo día de la proyección y también de forma anticipada a través de este <a href="https://www.reservaentradas.com/sesiones/cantabria/teatroloscorralesdebuelna/sorda/672?proximamente=true&amp;">enlace</a></p>
<p data-start="753" data-end="900"><span data-subtree="aimfl,mfl" data-processed="true">En los <strong>Premios Goya 2026</strong>, Sorda</span> destacó principalmente por el galardón a <strong>Miriam Garlo</strong>, quien ganó el premio a <strong>Mejor Actriz Revelación</strong>. Garlo hizo historia al convertirse en la primera actriz sorda en obtener este reconocimiento, interpretando a una mujer que enfrenta la maternidad en la cinta dirigida por su hermana, Eva Libertad.  Además, ganó también en las categorías <strong>Mejor Dirección Novel</strong> y <strong>Mejor Actor de Reparto</strong> para <strong>Álvaro Cervantes</strong>.</p>
</div>
<p data-start="753" data-end="900">¡Te esperamos!</p>

<p>Este  jueves 30 de abril a las 19:30 h, el Teatro Municipal de los Corrales de Buelna acoge la proyección de Sorda de la directora Eva Libertad. Ángela, una mujer sorda, va a tener un bebé con Héctor, su pareja oyente. El embarazo hace aflorar sus miedos frente la maternidad y sobre cómo podrá comunicarse [&hellip;]</p>
